{"id":12941,"date":"2023-09-12T14:06:44","date_gmt":"2023-09-12T14:06:44","guid":{"rendered":"https:\/\/microcubo.pt\/mobiliario-urbano\/sem%20categoria\/bikestop-recharger-les-velos-electriques\/"},"modified":"2026-03-11T17:26:54","modified_gmt":"2026-03-11T17:26:54","slug":"bikestop-recharger-les-velos-electriques","status":"publish","type":"product","link":"https:\/\/microcubo.pt\/fr\/mobilier-urbain\/e-point\/bikestop-recharger-les-velos-electriques\/","title":{"rendered":"Bikestop \u2013 Recharger les v\u00e9los \u00e9lectriques"},"content":{"rendered":"<p>Fer (S235JR)<br \/>\nPoteaux de chargement<br \/>\n\u00c9cran tactile num\u00e9rique<br \/>\nPanneau solaire photovolta\u00efque<\/p>\n","protected":false},"excerpt":{"rendered":"<p>Fer (S235JR) Poteaux de chargement \u00c9cran tactile num\u00e9rique Panneau solaire photovolta\u00efque<\/p>\n","protected":false},"featured_media":12920,"template":"","meta":[],"product_brand":[],"product_cat":[1197],"product_tag":[],"class_list":{"0":"post-12941","1":"product","2":"type-product","3":"status-publish","4":"has-post-thumbnail","6":"product_cat-e-point","7":"mobiliario_urbano_arquiteto-arq-vasco-pocas-fr","9":"first","10":"instock","11":"shipping-taxable","12":"product-type-simple"},"yoast_head":"<!-- This site is optimized with the Yoast SEO plugin v27.2 - https:\/\/yoast.com\/product\/yoast-seo-wordpress\/ -->\n<title>Bikestop \u2013 Recharger les v\u00e9los \u00e9lectriques - Microcubo<\/title>\n<meta name=\"robots\" content=\"index, follow, max-snippet:-1, max-image-preview:large, max-video-preview:-1\" \/>\n<link rel=\"canonical\" href=\"https:\/\/microcubo.pt\/fr\/mobilier-urbain\/e-point\/bikestop-recharger-les-velos-electriques\/\" \/>\n<meta property=\"og:locale\" content=\"fr_FR\" \/>\n<meta property=\"og:type\" content=\"article\" \/>\n<meta property=\"og:title\" content=\"Bikestop \u2013 Recharger les v\u00e9los \u00e9lectriques - Microcubo\" \/>\n<meta property=\"og:description\" content=\"Fer (S235JR) Poteaux de chargement \u00c9cran tactile num\u00e9rique Panneau solaire photovolta\u00efque\" \/>\n<meta property=\"og:url\" content=\"https:\/\/microcubo.pt\/fr\/mobilier-urbain\/e-point\/bikestop-recharger-les-velos-electriques\/\" \/>\n<meta property=\"og:site_name\" content=\"Microcubo\" \/>\n<meta property=\"article:modified_time\" content=\"2026-03-11T17:26:54+00:00\" \/>\n<meta property=\"og:image\" content=\"https:\/\/microcubo.pt\/wp-content\/uploads\/2023\/09\/microcubo-BikeStop-PAINEL-miniatura.jpg\" \/>\n\t<meta property=\"og:image:width\" content=\"1920\" \/>\n\t<meta property=\"og:image:height\" content=\"1920\" \/>\n\t<meta property=\"og:image:type\" content=\"image\/jpeg\" \/>\n<meta name=\"twitter:card\" content=\"summary_large_image\" \/>\n<script type=\"application\/ld+json\" class=\"yoast-schema-graph\">{\"@context\":\"https:\/\/schema.org\",\"@graph\":[{\"@type\":\"WebPage\",\"@id\":\"https:\/\/microcubo.pt\/fr\/mobilier-urbain\/e-point\/bikestop-recharger-les-velos-electriques\/\",\"url\":\"https:\/\/microcubo.pt\/fr\/mobilier-urbain\/e-point\/bikestop-recharger-les-velos-electriques\/\",\"name\":\"Bikestop \u2013 Recharger les v\u00e9los \u00e9lectriques - Microcubo\",\"isPartOf\":{\"@id\":\"https:\/\/microcubo.pt\/fr\/#website\"},\"primaryImageOfPage\":{\"@id\":\"https:\/\/microcubo.pt\/fr\/mobilier-urbain\/e-point\/bikestop-recharger-les-velos-electriques\/#primaryimage\"},\"image\":{\"@id\":\"https:\/\/microcubo.pt\/fr\/mobilier-urbain\/e-point\/bikestop-recharger-les-velos-electriques\/#primaryimage\"},\"thumbnailUrl\":\"https:\/\/microcubo.pt\/wp-content\/uploads\/2023\/09\/microcubo-BikeStop-PAINEL-miniatura.jpg\",\"datePublished\":\"2023-09-12T14:06:44+00:00\",\"dateModified\":\"2026-03-11T17:26:54+00:00\",\"breadcrumb\":{\"@id\":\"https:\/\/microcubo.pt\/fr\/mobilier-urbain\/e-point\/bikestop-recharger-les-velos-electriques\/#breadcrumb\"},\"inLanguage\":\"fr-FR\",\"potentialAction\":[{\"@type\":\"ReadAction\",\"target\":[\"https:\/\/microcubo.pt\/fr\/mobilier-urbain\/e-point\/bikestop-recharger-les-velos-electriques\/\"]}]},{\"@type\":\"ImageObject\",\"inLanguage\":\"fr-FR\",\"@id\":\"https:\/\/microcubo.pt\/fr\/mobilier-urbain\/e-point\/bikestop-recharger-les-velos-electriques\/#primaryimage\",\"url\":\"https:\/\/microcubo.pt\/wp-content\/uploads\/2023\/09\/microcubo-BikeStop-PAINEL-miniatura.jpg\",\"contentUrl\":\"https:\/\/microcubo.pt\/wp-content\/uploads\/2023\/09\/microcubo-BikeStop-PAINEL-miniatura.jpg\",\"width\":1920,\"height\":1920},{\"@type\":\"BreadcrumbList\",\"@id\":\"https:\/\/microcubo.pt\/fr\/mobilier-urbain\/e-point\/bikestop-recharger-les-velos-electriques\/#breadcrumb\",\"itemListElement\":[{\"@type\":\"ListItem\",\"position\":1,\"name\":\"domicile\",\"item\":\"https:\/\/microcubo.pt\/fr\/\"},{\"@type\":\"ListItem\",\"position\":2,\"name\":\"Produits\",\"item\":\"https:\/\/microcubo.pt\/fr\/shop\/\"},{\"@type\":\"ListItem\",\"position\":3,\"name\":\"Bikestop \u2013 Recharger les v\u00e9los \u00e9lectriques\"}]},{\"@type\":\"WebSite\",\"@id\":\"https:\/\/microcubo.pt\/fr\/#website\",\"url\":\"https:\/\/microcubo.pt\/fr\/\",\"name\":\"Microcubo\",\"description\":\"\",\"potentialAction\":[{\"@type\":\"SearchAction\",\"target\":{\"@type\":\"EntryPoint\",\"urlTemplate\":\"https:\/\/microcubo.pt\/fr\/?s={search_term_string}\"},\"query-input\":{\"@type\":\"PropertyValueSpecification\",\"valueRequired\":true,\"valueName\":\"search_term_string\"}}],\"inLanguage\":\"fr-FR\"}]}<\/script>\n<!-- \/ Yoast SEO plugin. -->","yoast_head_json":{"title":"Bikestop \u2013 Recharger les v\u00e9los \u00e9lectriques - Microcubo","robots":{"index":"index","follow":"follow","max-snippet":"max-snippet:-1","max-image-preview":"max-image-preview:large","max-video-preview":"max-video-preview:-1"},"canonical":"https:\/\/microcubo.pt\/fr\/mobilier-urbain\/e-point\/bikestop-recharger-les-velos-electriques\/","og_locale":"fr_FR","og_type":"article","og_title":"Bikestop \u2013 Recharger les v\u00e9los \u00e9lectriques - Microcubo","og_description":"Fer (S235JR) Poteaux de chargement \u00c9cran tactile num\u00e9rique Panneau solaire photovolta\u00efque","og_url":"https:\/\/microcubo.pt\/fr\/mobilier-urbain\/e-point\/bikestop-recharger-les-velos-electriques\/","og_site_name":"Microcubo","article_modified_time":"2026-03-11T17:26:54+00:00","og_image":[{"width":1920,"height":1920,"url":"https:\/\/microcubo.pt\/wp-content\/uploads\/2023\/09\/microcubo-BikeStop-PAINEL-miniatura.jpg","type":"image\/jpeg"}],"twitter_card":"summary_large_image","schema":{"@context":"https:\/\/schema.org","@graph":[{"@type":"WebPage","@id":"https:\/\/microcubo.pt\/fr\/mobilier-urbain\/e-point\/bikestop-recharger-les-velos-electriques\/","url":"https:\/\/microcubo.pt\/fr\/mobilier-urbain\/e-point\/bikestop-recharger-les-velos-electriques\/","name":"Bikestop \u2013 Recharger les v\u00e9los \u00e9lectriques - Microcubo","isPartOf":{"@id":"https:\/\/microcubo.pt\/fr\/#website"},"primaryImageOfPage":{"@id":"https:\/\/microcubo.pt\/fr\/mobilier-urbain\/e-point\/bikestop-recharger-les-velos-electriques\/#primaryimage"},"image":{"@id":"https:\/\/microcubo.pt\/fr\/mobilier-urbain\/e-point\/bikestop-recharger-les-velos-electriques\/#primaryimage"},"thumbnailUrl":"https:\/\/microcubo.pt\/wp-content\/uploads\/2023\/09\/microcubo-BikeStop-PAINEL-miniatura.jpg","datePublished":"2023-09-12T14:06:44+00:00","dateModified":"2026-03-11T17:26:54+00:00","breadcrumb":{"@id":"https:\/\/microcubo.pt\/fr\/mobilier-urbain\/e-point\/bikestop-recharger-les-velos-electriques\/#breadcrumb"},"inLanguage":"fr-FR","potentialAction":[{"@type":"ReadAction","target":["https:\/\/microcubo.pt\/fr\/mobilier-urbain\/e-point\/bikestop-recharger-les-velos-electriques\/"]}]},{"@type":"ImageObject","inLanguage":"fr-FR","@id":"https:\/\/microcubo.pt\/fr\/mobilier-urbain\/e-point\/bikestop-recharger-les-velos-electriques\/#primaryimage","url":"https:\/\/microcubo.pt\/wp-content\/uploads\/2023\/09\/microcubo-BikeStop-PAINEL-miniatura.jpg","contentUrl":"https:\/\/microcubo.pt\/wp-content\/uploads\/2023\/09\/microcubo-BikeStop-PAINEL-miniatura.jpg","width":1920,"height":1920},{"@type":"BreadcrumbList","@id":"https:\/\/microcubo.pt\/fr\/mobilier-urbain\/e-point\/bikestop-recharger-les-velos-electriques\/#breadcrumb","itemListElement":[{"@type":"ListItem","position":1,"name":"domicile","item":"https:\/\/microcubo.pt\/fr\/"},{"@type":"ListItem","position":2,"name":"Produits","item":"https:\/\/microcubo.pt\/fr\/shop\/"},{"@type":"ListItem","position":3,"name":"Bikestop \u2013 Recharger les v\u00e9los \u00e9lectriques"}]},{"@type":"WebSite","@id":"https:\/\/microcubo.pt\/fr\/#website","url":"https:\/\/microcubo.pt\/fr\/","name":"Microcubo","description":"","potentialAction":[{"@type":"SearchAction","target":{"@type":"EntryPoint","urlTemplate":"https:\/\/microcubo.pt\/fr\/?s={search_term_string}"},"query-input":{"@type":"PropertyValueSpecification","valueRequired":true,"valueName":"search_term_string"}}],"inLanguage":"fr-FR"}]}},"_links":{"self":[{"href":"https:\/\/microcubo.pt\/fr\/wp-json\/wp\/v2\/product\/12941","targetHints":{"allow":["GET"]}}],"collection":[{"href":"https:\/\/microcubo.pt\/fr\/wp-json\/wp\/v2\/product"}],"about":[{"href":"https:\/\/microcubo.pt\/fr\/wp-json\/wp\/v2\/types\/product"}],"wp:featuredmedia":[{"embeddable":true,"href":"https:\/\/microcubo.pt\/fr\/wp-json\/wp\/v2\/media\/12920"}],"wp:attachment":[{"href":"https:\/\/microcubo.pt\/fr\/wp-json\/wp\/v2\/media?parent=12941"}],"wp:term":[{"taxonomy":"product_brand","embeddable":true,"href":"https:\/\/microcubo.pt\/fr\/wp-json\/wp\/v2\/product_brand?post=12941"},{"taxonomy":"product_cat","embeddable":true,"href":"https:\/\/microcubo.pt\/fr\/wp-json\/wp\/v2\/product_cat?post=12941"},{"taxonomy":"product_tag","embeddable":true,"href":"https:\/\/microcubo.pt\/fr\/wp-json\/wp\/v2\/product_tag?post=12941"}],"curies":[{"name":"wp","href":"https:\/\/api.w.org\/{rel}","templated":true}]}}

Bikestop – Recharger les vélos électriques

<p>Fer (S235JR)<br />
Poteaux de chargement<br />
Écran tactile numérique<br />
Panneau solaire photovoltaïque</p>

<p>Fer (S235JR) Poteaux de chargement Écran tactile numérique Panneau solaire photovoltaïque</p>

<!-- This site is optimized with the Yoast SEO plugin v27.2 - https://yoast.com/product/yoast-seo-wordpress/ -->
<title>Bikestop – Recharger les vélos électriques - Microcubo</title>
<meta name="robots" content="index, follow, max-snippet:-1, max-image-preview:large, max-video-preview:-1" />
<link rel="canonical" href="https://microcubo.pt/fr/mobilier-urbain/e-point/bikestop-recharger-les-velos-electriques/" />
<meta property="og:locale" content="fr_FR" />
<meta property="og:type" content="article" />
<meta property="og:title" content="Bikestop – Recharger les vélos électriques - Microcubo" />
<meta property="og:description" content="Fer (S235JR) Poteaux de chargement Écran tactile numérique Panneau solaire photovoltaïque" />
<meta property="og:url" content="https://microcubo.pt/fr/mobilier-urbain/e-point/bikestop-recharger-les-velos-electriques/" />
<meta property="og:site_name" content="Microcubo" />
<meta property="article:modified_time" content="2026-03-11T17:26:54+00:00" />
<meta property="og:image" content="https://microcubo.pt/wp-content/uploads/2023/09/microcubo-BikeStop-PAINEL-miniatura.jpg" />
	<meta property="og:image:width" content="1920" />
	<meta property="og:image:height" content="1920" />
	<meta property="og:image:type" content="image/jpeg" />
<meta name="twitter:card" content="summary_large_image" />
<script type="application/ld+json" class="yoast-schema-graph">{"@context":"https://schema.org","@graph":[{"@type":"WebPage","@id":"https://microcubo.pt/fr/mobilier-urbain/e-point/bikestop-recharger-les-velos-electriques/","url":"https://microcubo.pt/fr/mobilier-urbain/e-point/bikestop-recharger-les-velos-electriques/","name":"Bikestop – Recharger les vélos électriques - Microcubo","isPartOf":{"@id":"https://microcubo.pt/fr/#website"},"primaryImageOfPage":{"@id":"https://microcubo.pt/fr/mobilier-urbain/e-point/bikestop-recharger-les-velos-electriques/#primaryimage"},"image":{"@id":"https://microcubo.pt/fr/mobilier-urbain/e-point/bikestop-recharger-les-velos-electriques/#primaryimage"},"thumbnailUrl":"https://microcubo.pt/wp-content/uploads/2023/09/microcubo-BikeStop-PAINEL-miniatura.jpg","datePublished":"2023-09-12T14:06:44+00:00","dateModified":"2026-03-11T17:26:54+00:00","breadcrumb":{"@id":"https://microcubo.pt/fr/mobilier-urbain/e-point/bikestop-recharger-les-velos-electriques/#breadcrumb"},"inLanguage":"fr-FR","potentialAction":[{"@type":"ReadAction","target":["https://microcubo.pt/fr/mobilier-urbain/e-point/bikestop-recharger-les-velos-electriques/"]}]},{"@type":"ImageObject","inLanguage":"fr-FR","@id":"https://microcubo.pt/fr/mobilier-urbain/e-point/bikestop-recharger-les-velos-electriques/#primaryimage","url":"https://microcubo.pt/wp-content/uploads/2023/09/microcubo-BikeStop-PAINEL-miniatura.jpg","contentUrl":"https://microcubo.pt/wp-content/uploads/2023/09/microcubo-BikeStop-PAINEL-miniatura.jpg","width":1920,"height":1920},{"@type":"BreadcrumbList","@id":"https://microcubo.pt/fr/mobilier-urbain/e-point/bikestop-recharger-les-velos-electriques/#breadcrumb","itemListElement":[{"@type":"ListItem","position":1,"name":"domicile","item":"https://microcubo.pt/fr/"},{"@type":"ListItem","position":2,"name":"Produits","item":"https://microcubo.pt/fr/shop/"},{"@type":"ListItem","position":3,"name":"Bikestop – Recharger les vélos électriques"}]},{"@type":"WebSite","@id":"https://microcubo.pt/fr/#website","url":"https://microcubo.pt/fr/","name":"Microcubo","description":"","potentialAction":[{"@type":"SearchAction","target":{"@type":"EntryPoint","urlTemplate":"https://microcubo.pt/fr/?s={search_term_string}"},"query-input":{"@type":"PropertyValueSpecification","valueRequired":true,"valueName":"search_term_string"}}],"inLanguage":"fr-FR"}]}</script>
<!-- / Yoast SEO plugin. -->

Bikestop – Recharger les vélos électriques - Microcubo

Fer (S235JR) Poteaux de chargement Écran tactile numérique Panneau solaire photovoltaïque
