{"id":13277,"date":"2023-09-13T11:43:08","date_gmt":"2023-09-13T11:43:08","guid":{"rendered":"https:\/\/microcubo.pt\/mobiliario-urbano\/sem%20categoria\/totem-t-fr\/"},"modified":"2026-03-11T17:26:59","modified_gmt":"2026-03-11T17:26:59","slug":"totem-t-fr","status":"publish","type":"product","link":"https:\/\/microcubo.pt\/fr\/mobilier-urbain\/signalisation\/totem-t-fr\/","title":{"rendered":"Totem T"},"content":{"rendered":"<p>Fer (S235JR)<br \/>\nFer T 70 mm d&rsquo;\u00e9paisseur<br \/>\nM\u00e9tallisation SA2 1,5<br \/>\nPeinture 2 composants couleur Forja Y764<br \/>\nVerre tremp\u00e9<br \/>\nVinyle transparent avec laminage mat<\/p>\n","protected":false},"excerpt":{"rendered":"<p>Fer (S235JR) Fer T 70 mm d&rsquo;\u00e9paisseur M\u00e9tallisation SA2 1,5 Peinture 2 composants couleur Forja Y764 Verre tremp\u00e9 Vinyle transparent avec laminage mat<\/p>\n","protected":false},"featured_media":22633,"template":"","meta":[],"product_brand":[],"product_cat":[901],"product_tag":[],"class_list":{"0":"post-13277","1":"product","2":"type-product","3":"status-publish","4":"has-post-thumbnail","6":"product_cat-signalisation","7":"mobiliario_urbano_linha-t-fr","8":"mobiliario_urbano_arquiteto-arch-amelia-santos-et-arch-miguel-carvalho","10":"first","11":"instock","12":"shipping-taxable","13":"product-type-simple"},"yoast_head":"<!-- This site is optimized with the Yoast SEO plugin v27.5 - https:\/\/yoast.com\/product\/yoast-seo-wordpress\/ -->\n<title>Totem T - Microcubo<\/title>\n<meta name=\"robots\" content=\"index, follow, max-snippet:-1, max-image-preview:large, max-video-preview:-1\" \/>\n<link rel=\"canonical\" href=\"https:\/\/microcubo.pt\/fr\/mobilier-urbain\/signalisation\/totem-t-fr\/\" \/>\n<meta property=\"og:locale\" content=\"fr_FR\" \/>\n<meta property=\"og:type\" content=\"article\" \/>\n<meta property=\"og:title\" content=\"Totem T - Microcubo\" \/>\n<meta property=\"og:description\" content=\"Fer (S235JR) Fer T 70 mm d&rsquo;\u00e9paisseur M\u00e9tallisation SA2 1,5 Peinture 2 composants couleur Forja Y764 Verre tremp\u00e9 Vinyle transparent avec laminage mat\" \/>\n<meta property=\"og:url\" content=\"https:\/\/microcubo.pt\/fr\/mobilier-urbain\/signalisation\/totem-t-fr\/\" \/>\n<meta property=\"og:site_name\" content=\"Microcubo\" \/>\n<meta property=\"article:modified_time\" content=\"2026-03-11T17:26:59+00:00\" \/>\n<meta property=\"og:image\" content=\"https:\/\/microcubo.pt\/wp-content\/uploads\/2023\/09\/microcubo-Totem-T-35.14.13-capa.png\" \/>\n\t<meta property=\"og:image:width\" content=\"601\" \/>\n\t<meta property=\"og:image:height\" content=\"601\" \/>\n\t<meta property=\"og:image:type\" content=\"image\/png\" \/>\n<meta name=\"twitter:card\" content=\"summary_large_image\" \/>\n<meta name=\"twitter:label1\" content=\"Dur\u00e9e de lecture estim\u00e9e\" \/>\n\t<meta name=\"twitter:data1\" content=\"1 minute\" \/>\n<script type=\"application\/ld+json\" class=\"yoast-schema-graph\">{\"@context\":\"https:\\\/\\\/schema.org\",\"@graph\":[{\"@type\":\"WebPage\",\"@id\":\"https:\\\/\\\/microcubo.pt\\\/fr\\\/mobilier-urbain\\\/signalisation\\\/totem-t-fr\\\/\",\"url\":\"https:\\\/\\\/microcubo.pt\\\/fr\\\/mobilier-urbain\\\/signalisation\\\/totem-t-fr\\\/\",\"name\":\"Totem T - Microcubo\",\"isPartOf\":{\"@id\":\"https:\\\/\\\/microcubo.pt\\\/fr\\\/#website\"},\"primaryImageOfPage\":{\"@id\":\"https:\\\/\\\/microcubo.pt\\\/fr\\\/mobilier-urbain\\\/signalisation\\\/totem-t-fr\\\/#primaryimage\"},\"image\":{\"@id\":\"https:\\\/\\\/microcubo.pt\\\/fr\\\/mobilier-urbain\\\/signalisation\\\/totem-t-fr\\\/#primaryimage\"},\"thumbnailUrl\":\"https:\\\/\\\/microcubo.pt\\\/wp-content\\\/uploads\\\/2023\\\/09\\\/microcubo-Totem-T-35.14.13-capa.png\",\"datePublished\":\"2023-09-13T11:43:08+00:00\",\"dateModified\":\"2026-03-11T17:26:59+00:00\",\"breadcrumb\":{\"@id\":\"https:\\\/\\\/microcubo.pt\\\/fr\\\/mobilier-urbain\\\/signalisation\\\/totem-t-fr\\\/#breadcrumb\"},\"inLanguage\":\"fr-FR\",\"potentialAction\":[{\"@type\":\"ReadAction\",\"target\":[\"https:\\\/\\\/microcubo.pt\\\/fr\\\/mobilier-urbain\\\/signalisation\\\/totem-t-fr\\\/\"]}]},{\"@type\":\"ImageObject\",\"inLanguage\":\"fr-FR\",\"@id\":\"https:\\\/\\\/microcubo.pt\\\/fr\\\/mobilier-urbain\\\/signalisation\\\/totem-t-fr\\\/#primaryimage\",\"url\":\"https:\\\/\\\/microcubo.pt\\\/wp-content\\\/uploads\\\/2023\\\/09\\\/microcubo-Totem-T-35.14.13-capa.png\",\"contentUrl\":\"https:\\\/\\\/microcubo.pt\\\/wp-content\\\/uploads\\\/2023\\\/09\\\/microcubo-Totem-T-35.14.13-capa.png\",\"width\":601,\"height\":601},{\"@type\":\"BreadcrumbList\",\"@id\":\"https:\\\/\\\/microcubo.pt\\\/fr\\\/mobilier-urbain\\\/signalisation\\\/totem-t-fr\\\/#breadcrumb\",\"itemListElement\":[{\"@type\":\"ListItem\",\"position\":1,\"name\":\"domicile\",\"item\":\"https:\\\/\\\/microcubo.pt\\\/fr\\\/\"},{\"@type\":\"ListItem\",\"position\":2,\"name\":\"Produits\",\"item\":\"https:\\\/\\\/microcubo.pt\\\/fr\\\/shop\\\/\"},{\"@type\":\"ListItem\",\"position\":3,\"name\":\"Totem T\"}]},{\"@type\":\"WebSite\",\"@id\":\"https:\\\/\\\/microcubo.pt\\\/fr\\\/#website\",\"url\":\"https:\\\/\\\/microcubo.pt\\\/fr\\\/\",\"name\":\"Microcubo\",\"description\":\"\",\"potentialAction\":[{\"@type\":\"SearchAction\",\"target\":{\"@type\":\"EntryPoint\",\"urlTemplate\":\"https:\\\/\\\/microcubo.pt\\\/fr\\\/?s={search_term_string}\"},\"query-input\":{\"@type\":\"PropertyValueSpecification\",\"valueRequired\":true,\"valueName\":\"search_term_string\"}}],\"inLanguage\":\"fr-FR\"}]}<\/script>\n<!-- \/ Yoast SEO plugin. -->","yoast_head_json":{"title":"Totem T - Microcubo","robots":{"index":"index","follow":"follow","max-snippet":"max-snippet:-1","max-image-preview":"max-image-preview:large","max-video-preview":"max-video-preview:-1"},"canonical":"https:\/\/microcubo.pt\/fr\/mobilier-urbain\/signalisation\/totem-t-fr\/","og_locale":"fr_FR","og_type":"article","og_title":"Totem T - Microcubo","og_description":"Fer (S235JR) Fer T 70 mm d&rsquo;\u00e9paisseur M\u00e9tallisation SA2 1,5 Peinture 2 composants couleur Forja Y764 Verre tremp\u00e9 Vinyle transparent avec laminage mat","og_url":"https:\/\/microcubo.pt\/fr\/mobilier-urbain\/signalisation\/totem-t-fr\/","og_site_name":"Microcubo","article_modified_time":"2026-03-11T17:26:59+00:00","og_image":[{"width":601,"height":601,"url":"https:\/\/microcubo.pt\/wp-content\/uploads\/2023\/09\/microcubo-Totem-T-35.14.13-capa.png","type":"image\/png"}],"twitter_card":"summary_large_image","twitter_misc":{"Dur\u00e9e de lecture estim\u00e9e":"1 minute"},"schema":{"@context":"https:\/\/schema.org","@graph":[{"@type":"WebPage","@id":"https:\/\/microcubo.pt\/fr\/mobilier-urbain\/signalisation\/totem-t-fr\/","url":"https:\/\/microcubo.pt\/fr\/mobilier-urbain\/signalisation\/totem-t-fr\/","name":"Totem T - Microcubo","isPartOf":{"@id":"https:\/\/microcubo.pt\/fr\/#website"},"primaryImageOfPage":{"@id":"https:\/\/microcubo.pt\/fr\/mobilier-urbain\/signalisation\/totem-t-fr\/#primaryimage"},"image":{"@id":"https:\/\/microcubo.pt\/fr\/mobilier-urbain\/signalisation\/totem-t-fr\/#primaryimage"},"thumbnailUrl":"https:\/\/microcubo.pt\/wp-content\/uploads\/2023\/09\/microcubo-Totem-T-35.14.13-capa.png","datePublished":"2023-09-13T11:43:08+00:00","dateModified":"2026-03-11T17:26:59+00:00","breadcrumb":{"@id":"https:\/\/microcubo.pt\/fr\/mobilier-urbain\/signalisation\/totem-t-fr\/#breadcrumb"},"inLanguage":"fr-FR","potentialAction":[{"@type":"ReadAction","target":["https:\/\/microcubo.pt\/fr\/mobilier-urbain\/signalisation\/totem-t-fr\/"]}]},{"@type":"ImageObject","inLanguage":"fr-FR","@id":"https:\/\/microcubo.pt\/fr\/mobilier-urbain\/signalisation\/totem-t-fr\/#primaryimage","url":"https:\/\/microcubo.pt\/wp-content\/uploads\/2023\/09\/microcubo-Totem-T-35.14.13-capa.png","contentUrl":"https:\/\/microcubo.pt\/wp-content\/uploads\/2023\/09\/microcubo-Totem-T-35.14.13-capa.png","width":601,"height":601},{"@type":"BreadcrumbList","@id":"https:\/\/microcubo.pt\/fr\/mobilier-urbain\/signalisation\/totem-t-fr\/#breadcrumb","itemListElement":[{"@type":"ListItem","position":1,"name":"domicile","item":"https:\/\/microcubo.pt\/fr\/"},{"@type":"ListItem","position":2,"name":"Produits","item":"https:\/\/microcubo.pt\/fr\/shop\/"},{"@type":"ListItem","position":3,"name":"Totem T"}]},{"@type":"WebSite","@id":"https:\/\/microcubo.pt\/fr\/#website","url":"https:\/\/microcubo.pt\/fr\/","name":"Microcubo","description":"","potentialAction":[{"@type":"SearchAction","target":{"@type":"EntryPoint","urlTemplate":"https:\/\/microcubo.pt\/fr\/?s={search_term_string}"},"query-input":{"@type":"PropertyValueSpecification","valueRequired":true,"valueName":"search_term_string"}}],"inLanguage":"fr-FR"}]}},"_links":{"self":[{"href":"https:\/\/microcubo.pt\/fr\/wp-json\/wp\/v2\/product\/13277","targetHints":{"allow":["GET"]}}],"collection":[{"href":"https:\/\/microcubo.pt\/fr\/wp-json\/wp\/v2\/product"}],"about":[{"href":"https:\/\/microcubo.pt\/fr\/wp-json\/wp\/v2\/types\/product"}],"wp:featuredmedia":[{"embeddable":true,"href":"https:\/\/microcubo.pt\/fr\/wp-json\/wp\/v2\/media\/22633"}],"wp:attachment":[{"href":"https:\/\/microcubo.pt\/fr\/wp-json\/wp\/v2\/media?parent=13277"}],"wp:term":[{"taxonomy":"product_brand","embeddable":true,"href":"https:\/\/microcubo.pt\/fr\/wp-json\/wp\/v2\/product_brand?post=13277"},{"taxonomy":"product_cat","embeddable":true,"href":"https:\/\/microcubo.pt\/fr\/wp-json\/wp\/v2\/product_cat?post=13277"},{"taxonomy":"product_tag","embeddable":true,"href":"https:\/\/microcubo.pt\/fr\/wp-json\/wp\/v2\/product_tag?post=13277"}],"curies":[{"name":"wp","href":"https:\/\/api.w.org\/{rel}","templated":true}]}}

<p>Fer (S235JR)<br />
Fer T 70 mm d&rsquo;épaisseur<br />
Métallisation SA2 1,5<br />
Peinture 2 composants couleur Forja Y764<br />
Verre trempé<br />
Vinyle transparent avec laminage mat</p>

<p>Fer (S235JR) Fer T 70 mm d&rsquo;épaisseur Métallisation SA2 1,5 Peinture 2 composants couleur Forja Y764 Verre trempé Vinyle transparent avec laminage mat</p>

<!-- This site is optimized with the Yoast SEO plugin v27.5 - https://yoast.com/product/yoast-seo-wordpress/ -->
<title>Totem T - Microcubo</title>
<meta name="robots" content="index, follow, max-snippet:-1, max-image-preview:large, max-video-preview:-1" />
<link rel="canonical" href="https://microcubo.pt/fr/mobilier-urbain/signalisation/totem-t-fr/" />
<meta property="og:locale" content="fr_FR" />
<meta property="og:type" content="article" />
<meta property="og:title" content="Totem T - Microcubo" />
<meta property="og:description" content="Fer (S235JR) Fer T 70 mm d&rsquo;épaisseur Métallisation SA2 1,5 Peinture 2 composants couleur Forja Y764 Verre trempé Vinyle transparent avec laminage mat" />
<meta property="og:url" content="https://microcubo.pt/fr/mobilier-urbain/signalisation/totem-t-fr/" />
<meta property="og:site_name" content="Microcubo" />
<meta property="article:modified_time" content="2026-03-11T17:26:59+00:00" />
<meta property="og:image" content="https://microcubo.pt/wp-content/uploads/2023/09/microcubo-Totem-T-35.14.13-capa.png" />
	<meta property="og:image:width" content="601" />
	<meta property="og:image:height" content="601" />
	<meta property="og:image:type" content="image/png" />
<meta name="twitter:card" content="summary_large_image" />
<meta name="twitter:label1" content="Durée de lecture estimée" />
	<meta name="twitter:data1" content="1 minute" />
<script type="application/ld+json" class="yoast-schema-graph">{"@context":"https:\/\/schema.org","@graph":[{"@type":"WebPage","@id":"https:\/\/microcubo.pt\/fr\/mobilier-urbain\/signalisation\/totem-t-fr\/","url":"https:\/\/microcubo.pt\/fr\/mobilier-urbain\/signalisation\/totem-t-fr\/","name":"Totem T - Microcubo","isPartOf":{"@id":"https:\/\/microcubo.pt\/fr\/#website"},"primaryImageOfPage":{"@id":"https:\/\/microcubo.pt\/fr\/mobilier-urbain\/signalisation\/totem-t-fr\/#primaryimage"},"image":{"@id":"https:\/\/microcubo.pt\/fr\/mobilier-urbain\/signalisation\/totem-t-fr\/#primaryimage"},"thumbnailUrl":"https:\/\/microcubo.pt\/wp-content\/uploads\/2023\/09\/microcubo-Totem-T-35.14.13-capa.png","datePublished":"2023-09-13T11:43:08+00:00","dateModified":"2026-03-11T17:26:59+00:00","breadcrumb":{"@id":"https:\/\/microcubo.pt\/fr\/mobilier-urbain\/signalisation\/totem-t-fr\/#breadcrumb"},"inLanguage":"fr-FR","potentialAction":[{"@type":"ReadAction","target":["https:\/\/microcubo.pt\/fr\/mobilier-urbain\/signalisation\/totem-t-fr\/"]}]},{"@type":"ImageObject","inLanguage":"fr-FR","@id":"https:\/\/microcubo.pt\/fr\/mobilier-urbain\/signalisation\/totem-t-fr\/#primaryimage","url":"https:\/\/microcubo.pt\/wp-content\/uploads\/2023\/09\/microcubo-Totem-T-35.14.13-capa.png","contentUrl":"https:\/\/microcubo.pt\/wp-content\/uploads\/2023\/09\/microcubo-Totem-T-35.14.13-capa.png","width":601,"height":601},{"@type":"BreadcrumbList","@id":"https:\/\/microcubo.pt\/fr\/mobilier-urbain\/signalisation\/totem-t-fr\/#breadcrumb","itemListElement":[{"@type":"ListItem","position":1,"name":"domicile","item":"https:\/\/microcubo.pt\/fr\/"},{"@type":"ListItem","position":2,"name":"Produits","item":"https:\/\/microcubo.pt\/fr\/shop\/"},{"@type":"ListItem","position":3,"name":"Totem T"}]},{"@type":"WebSite","@id":"https:\/\/microcubo.pt\/fr\/#website","url":"https:\/\/microcubo.pt\/fr\/","name":"Microcubo","description":"","potentialAction":[{"@type":"SearchAction","target":{"@type":"EntryPoint","urlTemplate":"https:\/\/microcubo.pt\/fr\/?s={search_term_string}"},"query-input":{"@type":"PropertyValueSpecification","valueRequired":true,"valueName":"search_term_string"}}],"inLanguage":"fr-FR"}]}</script>
<!-- / Yoast SEO plugin. -->

Fer (S235JR) Fer T 70 mm d&rsquo;épaisseur Métallisation SA2 1,5 Peinture 2 composants couleur Forja Y764 Verre trempé Vinyle transparent avec laminage mat
