{"id":13884,"date":"2023-09-14T11:00:32","date_gmt":"2023-09-14T11:00:32","guid":{"rendered":"https:\/\/microcubo.pt\/mobiliario-urbano\/sem%20categoria\/borne-de-protection-fixe-i1\/"},"modified":"2026-03-11T17:27:33","modified_gmt":"2026-03-11T17:27:33","slug":"borne-de-protection-fixe-i1","status":"publish","type":"product","link":"https:\/\/microcubo.pt\/fr\/mobilier-urbain\/borne-de-protection\/borne-de-protection-fixe-i1\/","title":{"rendered":"Borne de Protection Fixe I1"},"content":{"rendered":"<p>316 acier inoxydable bross\u00e9<br \/>\nTube \u00d884\u00d72 mm<br \/>\nPlaque de 2 mm d\u2019\u00e9paisseur<\/p>\n","protected":false},"excerpt":{"rendered":"<p>316 acier inoxydable bross\u00e9 Tube \u00d884\u00d72 mm Plaque de 2 mm d\u2019\u00e9paisseur<\/p>\n","protected":false},"featured_media":5036,"template":"","meta":[],"product_brand":[],"product_cat":[892],"product_tag":[],"class_list":{"0":"post-13884","1":"product","2":"type-product","3":"status-publish","4":"has-post-thumbnail","6":"product_cat-borne-de-protection","7":"mobiliario_urbano_linha-i1-fr","8":"mobiliario_urbano_arquiteto-microcubo-fr","10":"first","11":"instock","12":"shipping-taxable","13":"product-type-simple"},"yoast_head":"<!-- This site is optimized with the Yoast SEO plugin v27.5 - https:\/\/yoast.com\/product\/yoast-seo-wordpress\/ -->\n<title>Borne de Protection Fixe I1 - Microcubo<\/title>\n<meta name=\"robots\" content=\"index, follow, max-snippet:-1, max-image-preview:large, max-video-preview:-1\" \/>\n<link rel=\"canonical\" href=\"https:\/\/microcubo.pt\/fr\/mobilier-urbain\/borne-de-protection\/borne-de-protection-fixe-i1\/\" \/>\n<meta property=\"og:locale\" content=\"fr_FR\" \/>\n<meta property=\"og:type\" content=\"article\" \/>\n<meta property=\"og:title\" content=\"Borne de Protection Fixe I1 - Microcubo\" \/>\n<meta property=\"og:description\" content=\"316 acier inoxydable bross\u00e9 Tube \u00d884\u00d72 mm Plaque de 2 mm d\u2019\u00e9paisseur\" \/>\n<meta property=\"og:url\" content=\"https:\/\/microcubo.pt\/fr\/mobilier-urbain\/borne-de-protection\/borne-de-protection-fixe-i1\/\" \/>\n<meta property=\"og:site_name\" content=\"Microcubo\" \/>\n<meta property=\"article:modified_time\" content=\"2026-03-11T17:27:33+00:00\" \/>\n<meta property=\"og:image\" content=\"https:\/\/microcubo.pt\/wp-content\/uploads\/2022\/03\/microcubo-I1-dissuasor-portrait.jpg\" \/>\n\t<meta property=\"og:image:width\" content=\"599\" \/>\n\t<meta property=\"og:image:height\" content=\"599\" \/>\n\t<meta property=\"og:image:type\" content=\"image\/jpeg\" \/>\n<meta name=\"twitter:card\" content=\"summary_large_image\" \/>\n<script type=\"application\/ld+json\" class=\"yoast-schema-graph\">{\"@context\":\"https:\\\/\\\/schema.org\",\"@graph\":[{\"@type\":\"WebPage\",\"@id\":\"https:\\\/\\\/microcubo.pt\\\/fr\\\/mobilier-urbain\\\/borne-de-protection\\\/borne-de-protection-fixe-i1\\\/\",\"url\":\"https:\\\/\\\/microcubo.pt\\\/fr\\\/mobilier-urbain\\\/borne-de-protection\\\/borne-de-protection-fixe-i1\\\/\",\"name\":\"Borne de Protection Fixe I1 - Microcubo\",\"isPartOf\":{\"@id\":\"https:\\\/\\\/microcubo.pt\\\/fr\\\/#website\"},\"primaryImageOfPage\":{\"@id\":\"https:\\\/\\\/microcubo.pt\\\/fr\\\/mobilier-urbain\\\/borne-de-protection\\\/borne-de-protection-fixe-i1\\\/#primaryimage\"},\"image\":{\"@id\":\"https:\\\/\\\/microcubo.pt\\\/fr\\\/mobilier-urbain\\\/borne-de-protection\\\/borne-de-protection-fixe-i1\\\/#primaryimage\"},\"thumbnailUrl\":\"https:\\\/\\\/microcubo.pt\\\/wp-content\\\/uploads\\\/2022\\\/03\\\/microcubo-I1-dissuasor-portrait.jpg\",\"datePublished\":\"2023-09-14T11:00:32+00:00\",\"dateModified\":\"2026-03-11T17:27:33+00:00\",\"breadcrumb\":{\"@id\":\"https:\\\/\\\/microcubo.pt\\\/fr\\\/mobilier-urbain\\\/borne-de-protection\\\/borne-de-protection-fixe-i1\\\/#breadcrumb\"},\"inLanguage\":\"fr-FR\",\"potentialAction\":[{\"@type\":\"ReadAction\",\"target\":[\"https:\\\/\\\/microcubo.pt\\\/fr\\\/mobilier-urbain\\\/borne-de-protection\\\/borne-de-protection-fixe-i1\\\/\"]}]},{\"@type\":\"ImageObject\",\"inLanguage\":\"fr-FR\",\"@id\":\"https:\\\/\\\/microcubo.pt\\\/fr\\\/mobilier-urbain\\\/borne-de-protection\\\/borne-de-protection-fixe-i1\\\/#primaryimage\",\"url\":\"https:\\\/\\\/microcubo.pt\\\/wp-content\\\/uploads\\\/2022\\\/03\\\/microcubo-I1-dissuasor-portrait.jpg\",\"contentUrl\":\"https:\\\/\\\/microcubo.pt\\\/wp-content\\\/uploads\\\/2022\\\/03\\\/microcubo-I1-dissuasor-portrait.jpg\",\"width\":599,\"height\":599},{\"@type\":\"BreadcrumbList\",\"@id\":\"https:\\\/\\\/microcubo.pt\\\/fr\\\/mobilier-urbain\\\/borne-de-protection\\\/borne-de-protection-fixe-i1\\\/#breadcrumb\",\"itemListElement\":[{\"@type\":\"ListItem\",\"position\":1,\"name\":\"domicile\",\"item\":\"https:\\\/\\\/microcubo.pt\\\/fr\\\/\"},{\"@type\":\"ListItem\",\"position\":2,\"name\":\"Produits\",\"item\":\"https:\\\/\\\/microcubo.pt\\\/fr\\\/shop\\\/\"},{\"@type\":\"ListItem\",\"position\":3,\"name\":\"Borne de Protection Fixe I1\"}]},{\"@type\":\"WebSite\",\"@id\":\"https:\\\/\\\/microcubo.pt\\\/fr\\\/#website\",\"url\":\"https:\\\/\\\/microcubo.pt\\\/fr\\\/\",\"name\":\"Microcubo\",\"description\":\"\",\"potentialAction\":[{\"@type\":\"SearchAction\",\"target\":{\"@type\":\"EntryPoint\",\"urlTemplate\":\"https:\\\/\\\/microcubo.pt\\\/fr\\\/?s={search_term_string}\"},\"query-input\":{\"@type\":\"PropertyValueSpecification\",\"valueRequired\":true,\"valueName\":\"search_term_string\"}}],\"inLanguage\":\"fr-FR\"}]}<\/script>\n<!-- \/ Yoast SEO plugin. -->","yoast_head_json":{"title":"Borne de Protection Fixe I1 - Microcubo","robots":{"index":"index","follow":"follow","max-snippet":"max-snippet:-1","max-image-preview":"max-image-preview:large","max-video-preview":"max-video-preview:-1"},"canonical":"https:\/\/microcubo.pt\/fr\/mobilier-urbain\/borne-de-protection\/borne-de-protection-fixe-i1\/","og_locale":"fr_FR","og_type":"article","og_title":"Borne de Protection Fixe I1 - Microcubo","og_description":"316 acier inoxydable bross\u00e9 Tube \u00d884\u00d72 mm Plaque de 2 mm d\u2019\u00e9paisseur","og_url":"https:\/\/microcubo.pt\/fr\/mobilier-urbain\/borne-de-protection\/borne-de-protection-fixe-i1\/","og_site_name":"Microcubo","article_modified_time":"2026-03-11T17:27:33+00:00","og_image":[{"width":599,"height":599,"url":"https:\/\/microcubo.pt\/wp-content\/uploads\/2022\/03\/microcubo-I1-dissuasor-portrait.jpg","type":"image\/jpeg"}],"twitter_card":"summary_large_image","schema":{"@context":"https:\/\/schema.org","@graph":[{"@type":"WebPage","@id":"https:\/\/microcubo.pt\/fr\/mobilier-urbain\/borne-de-protection\/borne-de-protection-fixe-i1\/","url":"https:\/\/microcubo.pt\/fr\/mobilier-urbain\/borne-de-protection\/borne-de-protection-fixe-i1\/","name":"Borne de Protection Fixe I1 - Microcubo","isPartOf":{"@id":"https:\/\/microcubo.pt\/fr\/#website"},"primaryImageOfPage":{"@id":"https:\/\/microcubo.pt\/fr\/mobilier-urbain\/borne-de-protection\/borne-de-protection-fixe-i1\/#primaryimage"},"image":{"@id":"https:\/\/microcubo.pt\/fr\/mobilier-urbain\/borne-de-protection\/borne-de-protection-fixe-i1\/#primaryimage"},"thumbnailUrl":"https:\/\/microcubo.pt\/wp-content\/uploads\/2022\/03\/microcubo-I1-dissuasor-portrait.jpg","datePublished":"2023-09-14T11:00:32+00:00","dateModified":"2026-03-11T17:27:33+00:00","breadcrumb":{"@id":"https:\/\/microcubo.pt\/fr\/mobilier-urbain\/borne-de-protection\/borne-de-protection-fixe-i1\/#breadcrumb"},"inLanguage":"fr-FR","potentialAction":[{"@type":"ReadAction","target":["https:\/\/microcubo.pt\/fr\/mobilier-urbain\/borne-de-protection\/borne-de-protection-fixe-i1\/"]}]},{"@type":"ImageObject","inLanguage":"fr-FR","@id":"https:\/\/microcubo.pt\/fr\/mobilier-urbain\/borne-de-protection\/borne-de-protection-fixe-i1\/#primaryimage","url":"https:\/\/microcubo.pt\/wp-content\/uploads\/2022\/03\/microcubo-I1-dissuasor-portrait.jpg","contentUrl":"https:\/\/microcubo.pt\/wp-content\/uploads\/2022\/03\/microcubo-I1-dissuasor-portrait.jpg","width":599,"height":599},{"@type":"BreadcrumbList","@id":"https:\/\/microcubo.pt\/fr\/mobilier-urbain\/borne-de-protection\/borne-de-protection-fixe-i1\/#breadcrumb","itemListElement":[{"@type":"ListItem","position":1,"name":"domicile","item":"https:\/\/microcubo.pt\/fr\/"},{"@type":"ListItem","position":2,"name":"Produits","item":"https:\/\/microcubo.pt\/fr\/shop\/"},{"@type":"ListItem","position":3,"name":"Borne de Protection Fixe I1"}]},{"@type":"WebSite","@id":"https:\/\/microcubo.pt\/fr\/#website","url":"https:\/\/microcubo.pt\/fr\/","name":"Microcubo","description":"","potentialAction":[{"@type":"SearchAction","target":{"@type":"EntryPoint","urlTemplate":"https:\/\/microcubo.pt\/fr\/?s={search_term_string}"},"query-input":{"@type":"PropertyValueSpecification","valueRequired":true,"valueName":"search_term_string"}}],"inLanguage":"fr-FR"}]}},"_links":{"self":[{"href":"https:\/\/microcubo.pt\/fr\/wp-json\/wp\/v2\/product\/13884","targetHints":{"allow":["GET"]}}],"collection":[{"href":"https:\/\/microcubo.pt\/fr\/wp-json\/wp\/v2\/product"}],"about":[{"href":"https:\/\/microcubo.pt\/fr\/wp-json\/wp\/v2\/types\/product"}],"wp:featuredmedia":[{"embeddable":true,"href":"https:\/\/microcubo.pt\/fr\/wp-json\/wp\/v2\/media\/5036"}],"wp:attachment":[{"href":"https:\/\/microcubo.pt\/fr\/wp-json\/wp\/v2\/media?parent=13884"}],"wp:term":[{"taxonomy":"product_brand","embeddable":true,"href":"https:\/\/microcubo.pt\/fr\/wp-json\/wp\/v2\/product_brand?post=13884"},{"taxonomy":"product_cat","embeddable":true,"href":"https:\/\/microcubo.pt\/fr\/wp-json\/wp\/v2\/product_cat?post=13884"},{"taxonomy":"product_tag","embeddable":true,"href":"https:\/\/microcubo.pt\/fr\/wp-json\/wp\/v2\/product_tag?post=13884"}],"curies":[{"name":"wp","href":"https:\/\/api.w.org\/{rel}","templated":true}]}}

<p>316 acier inoxydable brossé<br />
Tube Ø84×2 mm<br />
Plaque de 2 mm d’épaisseur</p>

<p>316 acier inoxydable brossé Tube Ø84×2 mm Plaque de 2 mm d’épaisseur</p>

<!-- This site is optimized with the Yoast SEO plugin v27.5 - https://yoast.com/product/yoast-seo-wordpress/ -->
<title>Borne de Protection Fixe I1 - Microcubo</title>
<meta name="robots" content="index, follow, max-snippet:-1, max-image-preview:large, max-video-preview:-1" />
<link rel="canonical" href="https://microcubo.pt/fr/mobilier-urbain/borne-de-protection/borne-de-protection-fixe-i1/" />
<meta property="og:locale" content="fr_FR" />
<meta property="og:type" content="article" />
<meta property="og:title" content="Borne de Protection Fixe I1 - Microcubo" />
<meta property="og:description" content="316 acier inoxydable brossé Tube Ø84×2 mm Plaque de 2 mm d’épaisseur" />
<meta property="og:url" content="https://microcubo.pt/fr/mobilier-urbain/borne-de-protection/borne-de-protection-fixe-i1/" />
<meta property="og:site_name" content="Microcubo" />
<meta property="article:modified_time" content="2026-03-11T17:27:33+00:00" />
<meta property="og:image" content="https://microcubo.pt/wp-content/uploads/2022/03/microcubo-I1-dissuasor-portrait.jpg" />
	<meta property="og:image:width" content="599" />
	<meta property="og:image:height" content="599" />
	<meta property="og:image:type" content="image/jpeg" />
<meta name="twitter:card" content="summary_large_image" />
<script type="application/ld+json" class="yoast-schema-graph">{"@context":"https:\/\/schema.org","@graph":[{"@type":"WebPage","@id":"https:\/\/microcubo.pt\/fr\/mobilier-urbain\/borne-de-protection\/borne-de-protection-fixe-i1\/","url":"https:\/\/microcubo.pt\/fr\/mobilier-urbain\/borne-de-protection\/borne-de-protection-fixe-i1\/","name":"Borne de Protection Fixe I1 - Microcubo","isPartOf":{"@id":"https:\/\/microcubo.pt\/fr\/#website"},"primaryImageOfPage":{"@id":"https:\/\/microcubo.pt\/fr\/mobilier-urbain\/borne-de-protection\/borne-de-protection-fixe-i1\/#primaryimage"},"image":{"@id":"https:\/\/microcubo.pt\/fr\/mobilier-urbain\/borne-de-protection\/borne-de-protection-fixe-i1\/#primaryimage"},"thumbnailUrl":"https:\/\/microcubo.pt\/wp-content\/uploads\/2022\/03\/microcubo-I1-dissuasor-portrait.jpg","datePublished":"2023-09-14T11:00:32+00:00","dateModified":"2026-03-11T17:27:33+00:00","breadcrumb":{"@id":"https:\/\/microcubo.pt\/fr\/mobilier-urbain\/borne-de-protection\/borne-de-protection-fixe-i1\/#breadcrumb"},"inLanguage":"fr-FR","potentialAction":[{"@type":"ReadAction","target":["https:\/\/microcubo.pt\/fr\/mobilier-urbain\/borne-de-protection\/borne-de-protection-fixe-i1\/"]}]},{"@type":"ImageObject","inLanguage":"fr-FR","@id":"https:\/\/microcubo.pt\/fr\/mobilier-urbain\/borne-de-protection\/borne-de-protection-fixe-i1\/#primaryimage","url":"https:\/\/microcubo.pt\/wp-content\/uploads\/2022\/03\/microcubo-I1-dissuasor-portrait.jpg","contentUrl":"https:\/\/microcubo.pt\/wp-content\/uploads\/2022\/03\/microcubo-I1-dissuasor-portrait.jpg","width":599,"height":599},{"@type":"BreadcrumbList","@id":"https:\/\/microcubo.pt\/fr\/mobilier-urbain\/borne-de-protection\/borne-de-protection-fixe-i1\/#breadcrumb","itemListElement":[{"@type":"ListItem","position":1,"name":"domicile","item":"https:\/\/microcubo.pt\/fr\/"},{"@type":"ListItem","position":2,"name":"Produits","item":"https:\/\/microcubo.pt\/fr\/shop\/"},{"@type":"ListItem","position":3,"name":"Borne de Protection Fixe I1"}]},{"@type":"WebSite","@id":"https:\/\/microcubo.pt\/fr\/#website","url":"https:\/\/microcubo.pt\/fr\/","name":"Microcubo","description":"","potentialAction":[{"@type":"SearchAction","target":{"@type":"EntryPoint","urlTemplate":"https:\/\/microcubo.pt\/fr\/?s={search_term_string}"},"query-input":{"@type":"PropertyValueSpecification","valueRequired":true,"valueName":"search_term_string"}}],"inLanguage":"fr-FR"}]}</script>
<!-- / Yoast SEO plugin. -->

316 acier inoxydable brossé Tube Ø84×2 mm Plaque de 2 mm d’épaisseur
