{"id":15692,"date":"2023-09-29T09:10:46","date_gmt":"2023-09-29T09:10:46","guid":{"rendered":"https:\/\/microcubo.pt\/?post_type=product&#038;p=15692"},"modified":"2026-03-11T17:28:23","modified_gmt":"2026-03-11T17:28:23","slug":"corbeille-a-papier-n2-beton","status":"publish","type":"product","link":"https:\/\/microcubo.pt\/fr\/mobilier-urbain\/corbeilles-a-papier\/corbeille-a-papier-n2-beton\/","title":{"rendered":"Corbeille \u00e0 Papier n2 &#8211; B\u00e9ton"},"content":{"rendered":"<p>B\u00e9ton c30\/37 (Couleur naturelle\/blanc)<br \/>\nFer (S235JR)<br \/>\nM\u00e9tallisation SA2 1.5<br \/>\nCouleur Forg\u00e9e Y764<br \/>\n\u00c9copoint RAL 6001 \/ RAL 1023 \/ RAL 5005<br \/>\nCapacit\u00e9 de 40 L\/chacun (environ)<br \/>\nTraitement Hydrofuge<\/p>\n","protected":false},"excerpt":{"rendered":"<p>B\u00e9ton c30\/37 (Couleur naturelle\/blanc) Fer (S235JR) M\u00e9tallisation SA2 1.5 Couleur Forg\u00e9e Y764 \u00c9copoint RAL 6001 \/ RAL 1023 \/ RAL 5005 Capacit\u00e9 de 40 L\/chacun (environ) Traitement Hydrofuge<\/p>\n","protected":false},"featured_media":15696,"template":"","meta":[],"product_brand":[],"product_cat":[888],"product_tag":[],"class_list":{"0":"post-15692","1":"product","2":"type-product","3":"status-publish","4":"has-post-thumbnail","6":"product_cat-corbeilles-a-papier","7":"mobiliario_urbano_linha-n2-fr","8":"mobiliario_urbano_arquiteto-microcubo-fr","10":"first","11":"instock","12":"shipping-taxable","13":"product-type-simple"},"yoast_head":"<!-- This site is optimized with the Yoast SEO plugin v27.5 - https:\/\/yoast.com\/product\/yoast-seo-wordpress\/ -->\n<title>Corbeille \u00e0 Papier n2 - B\u00e9ton - Microcubo<\/title>\n<meta name=\"robots\" content=\"index, follow, max-snippet:-1, max-image-preview:large, max-video-preview:-1\" \/>\n<link rel=\"canonical\" href=\"https:\/\/microcubo.pt\/fr\/mobilier-urbain\/corbeilles-a-papier\/corbeille-a-papier-n2-beton\/\" \/>\n<meta property=\"og:locale\" content=\"fr_FR\" \/>\n<meta property=\"og:type\" content=\"article\" \/>\n<meta property=\"og:title\" content=\"Corbeille \u00e0 Papier n2 - B\u00e9ton - Microcubo\" \/>\n<meta property=\"og:description\" content=\"B\u00e9ton c30\/37 (Couleur naturelle\/blanc) Fer (S235JR) M\u00e9tallisation SA2 1.5 Couleur Forg\u00e9e Y764 \u00c9copoint RAL 6001 \/ RAL 1023 \/ RAL 5005 Capacit\u00e9 de 40 L\/chacun (environ) Traitement Hydrofuge\" \/>\n<meta property=\"og:url\" content=\"https:\/\/microcubo.pt\/fr\/mobilier-urbain\/corbeilles-a-papier\/corbeille-a-papier-n2-beton\/\" \/>\n<meta property=\"og:site_name\" content=\"Microcubo\" \/>\n<meta property=\"article:modified_time\" content=\"2026-03-11T17:28:23+00:00\" \/>\n<meta property=\"og:image\" content=\"https:\/\/microcubo.pt\/wp-content\/uploads\/2023\/09\/microcubo-N2-Papeleira-betao-capa.jpg\" \/>\n\t<meta property=\"og:image:width\" content=\"600\" \/>\n\t<meta property=\"og:image:height\" content=\"600\" \/>\n\t<meta property=\"og:image:type\" content=\"image\/jpeg\" \/>\n<meta name=\"twitter:card\" content=\"summary_large_image\" \/>\n<meta name=\"twitter:label1\" content=\"Dur\u00e9e de lecture estim\u00e9e\" \/>\n\t<meta name=\"twitter:data1\" content=\"1 minute\" \/>\n<script type=\"application\/ld+json\" class=\"yoast-schema-graph\">{\"@context\":\"https:\\\/\\\/schema.org\",\"@graph\":[{\"@type\":\"WebPage\",\"@id\":\"https:\\\/\\\/microcubo.pt\\\/fr\\\/mobilier-urbain\\\/corbeilles-a-papier\\\/corbeille-a-papier-n2-beton\\\/\",\"url\":\"https:\\\/\\\/microcubo.pt\\\/fr\\\/mobilier-urbain\\\/corbeilles-a-papier\\\/corbeille-a-papier-n2-beton\\\/\",\"name\":\"Corbeille \u00e0 Papier n2 - B\u00e9ton - Microcubo\",\"isPartOf\":{\"@id\":\"https:\\\/\\\/microcubo.pt\\\/fr\\\/#website\"},\"primaryImageOfPage\":{\"@id\":\"https:\\\/\\\/microcubo.pt\\\/fr\\\/mobilier-urbain\\\/corbeilles-a-papier\\\/corbeille-a-papier-n2-beton\\\/#primaryimage\"},\"image\":{\"@id\":\"https:\\\/\\\/microcubo.pt\\\/fr\\\/mobilier-urbain\\\/corbeilles-a-papier\\\/corbeille-a-papier-n2-beton\\\/#primaryimage\"},\"thumbnailUrl\":\"https:\\\/\\\/microcubo.pt\\\/wp-content\\\/uploads\\\/2023\\\/09\\\/microcubo-N2-Papeleira-betao-capa.jpg\",\"datePublished\":\"2023-09-29T09:10:46+00:00\",\"dateModified\":\"2026-03-11T17:28:23+00:00\",\"breadcrumb\":{\"@id\":\"https:\\\/\\\/microcubo.pt\\\/fr\\\/mobilier-urbain\\\/corbeilles-a-papier\\\/corbeille-a-papier-n2-beton\\\/#breadcrumb\"},\"inLanguage\":\"fr-FR\",\"potentialAction\":[{\"@type\":\"ReadAction\",\"target\":[\"https:\\\/\\\/microcubo.pt\\\/fr\\\/mobilier-urbain\\\/corbeilles-a-papier\\\/corbeille-a-papier-n2-beton\\\/\"]}]},{\"@type\":\"ImageObject\",\"inLanguage\":\"fr-FR\",\"@id\":\"https:\\\/\\\/microcubo.pt\\\/fr\\\/mobilier-urbain\\\/corbeilles-a-papier\\\/corbeille-a-papier-n2-beton\\\/#primaryimage\",\"url\":\"https:\\\/\\\/microcubo.pt\\\/wp-content\\\/uploads\\\/2023\\\/09\\\/microcubo-N2-Papeleira-betao-capa.jpg\",\"contentUrl\":\"https:\\\/\\\/microcubo.pt\\\/wp-content\\\/uploads\\\/2023\\\/09\\\/microcubo-N2-Papeleira-betao-capa.jpg\",\"width\":600,\"height\":600},{\"@type\":\"BreadcrumbList\",\"@id\":\"https:\\\/\\\/microcubo.pt\\\/fr\\\/mobilier-urbain\\\/corbeilles-a-papier\\\/corbeille-a-papier-n2-beton\\\/#breadcrumb\",\"itemListElement\":[{\"@type\":\"ListItem\",\"position\":1,\"name\":\"domicile\",\"item\":\"https:\\\/\\\/microcubo.pt\\\/fr\\\/\"},{\"@type\":\"ListItem\",\"position\":2,\"name\":\"Produits\",\"item\":\"https:\\\/\\\/microcubo.pt\\\/fr\\\/shop\\\/\"},{\"@type\":\"ListItem\",\"position\":3,\"name\":\"Corbeille \u00e0 Papier n2 &#8211; B\u00e9ton\"}]},{\"@type\":\"WebSite\",\"@id\":\"https:\\\/\\\/microcubo.pt\\\/fr\\\/#website\",\"url\":\"https:\\\/\\\/microcubo.pt\\\/fr\\\/\",\"name\":\"Microcubo\",\"description\":\"\",\"potentialAction\":[{\"@type\":\"SearchAction\",\"target\":{\"@type\":\"EntryPoint\",\"urlTemplate\":\"https:\\\/\\\/microcubo.pt\\\/fr\\\/?s={search_term_string}\"},\"query-input\":{\"@type\":\"PropertyValueSpecification\",\"valueRequired\":true,\"valueName\":\"search_term_string\"}}],\"inLanguage\":\"fr-FR\"}]}<\/script>\n<!-- \/ Yoast SEO plugin. -->","yoast_head_json":{"title":"Corbeille \u00e0 Papier n2 - B\u00e9ton - Microcubo","robots":{"index":"index","follow":"follow","max-snippet":"max-snippet:-1","max-image-preview":"max-image-preview:large","max-video-preview":"max-video-preview:-1"},"canonical":"https:\/\/microcubo.pt\/fr\/mobilier-urbain\/corbeilles-a-papier\/corbeille-a-papier-n2-beton\/","og_locale":"fr_FR","og_type":"article","og_title":"Corbeille \u00e0 Papier n2 - B\u00e9ton - Microcubo","og_description":"B\u00e9ton c30\/37 (Couleur naturelle\/blanc) Fer (S235JR) M\u00e9tallisation SA2 1.5 Couleur Forg\u00e9e Y764 \u00c9copoint RAL 6001 \/ RAL 1023 \/ RAL 5005 Capacit\u00e9 de 40 L\/chacun (environ) Traitement Hydrofuge","og_url":"https:\/\/microcubo.pt\/fr\/mobilier-urbain\/corbeilles-a-papier\/corbeille-a-papier-n2-beton\/","og_site_name":"Microcubo","article_modified_time":"2026-03-11T17:28:23+00:00","og_image":[{"width":600,"height":600,"url":"https:\/\/microcubo.pt\/wp-content\/uploads\/2023\/09\/microcubo-N2-Papeleira-betao-capa.jpg","type":"image\/jpeg"}],"twitter_card":"summary_large_image","twitter_misc":{"Dur\u00e9e de lecture estim\u00e9e":"1 minute"},"schema":{"@context":"https:\/\/schema.org","@graph":[{"@type":"WebPage","@id":"https:\/\/microcubo.pt\/fr\/mobilier-urbain\/corbeilles-a-papier\/corbeille-a-papier-n2-beton\/","url":"https:\/\/microcubo.pt\/fr\/mobilier-urbain\/corbeilles-a-papier\/corbeille-a-papier-n2-beton\/","name":"Corbeille \u00e0 Papier n2 - B\u00e9ton - Microcubo","isPartOf":{"@id":"https:\/\/microcubo.pt\/fr\/#website"},"primaryImageOfPage":{"@id":"https:\/\/microcubo.pt\/fr\/mobilier-urbain\/corbeilles-a-papier\/corbeille-a-papier-n2-beton\/#primaryimage"},"image":{"@id":"https:\/\/microcubo.pt\/fr\/mobilier-urbain\/corbeilles-a-papier\/corbeille-a-papier-n2-beton\/#primaryimage"},"thumbnailUrl":"https:\/\/microcubo.pt\/wp-content\/uploads\/2023\/09\/microcubo-N2-Papeleira-betao-capa.jpg","datePublished":"2023-09-29T09:10:46+00:00","dateModified":"2026-03-11T17:28:23+00:00","breadcrumb":{"@id":"https:\/\/microcubo.pt\/fr\/mobilier-urbain\/corbeilles-a-papier\/corbeille-a-papier-n2-beton\/#breadcrumb"},"inLanguage":"fr-FR","potentialAction":[{"@type":"ReadAction","target":["https:\/\/microcubo.pt\/fr\/mobilier-urbain\/corbeilles-a-papier\/corbeille-a-papier-n2-beton\/"]}]},{"@type":"ImageObject","inLanguage":"fr-FR","@id":"https:\/\/microcubo.pt\/fr\/mobilier-urbain\/corbeilles-a-papier\/corbeille-a-papier-n2-beton\/#primaryimage","url":"https:\/\/microcubo.pt\/wp-content\/uploads\/2023\/09\/microcubo-N2-Papeleira-betao-capa.jpg","contentUrl":"https:\/\/microcubo.pt\/wp-content\/uploads\/2023\/09\/microcubo-N2-Papeleira-betao-capa.jpg","width":600,"height":600},{"@type":"BreadcrumbList","@id":"https:\/\/microcubo.pt\/fr\/mobilier-urbain\/corbeilles-a-papier\/corbeille-a-papier-n2-beton\/#breadcrumb","itemListElement":[{"@type":"ListItem","position":1,"name":"domicile","item":"https:\/\/microcubo.pt\/fr\/"},{"@type":"ListItem","position":2,"name":"Produits","item":"https:\/\/microcubo.pt\/fr\/shop\/"},{"@type":"ListItem","position":3,"name":"Corbeille \u00e0 Papier n2 &#8211; B\u00e9ton"}]},{"@type":"WebSite","@id":"https:\/\/microcubo.pt\/fr\/#website","url":"https:\/\/microcubo.pt\/fr\/","name":"Microcubo","description":"","potentialAction":[{"@type":"SearchAction","target":{"@type":"EntryPoint","urlTemplate":"https:\/\/microcubo.pt\/fr\/?s={search_term_string}"},"query-input":{"@type":"PropertyValueSpecification","valueRequired":true,"valueName":"search_term_string"}}],"inLanguage":"fr-FR"}]}},"_links":{"self":[{"href":"https:\/\/microcubo.pt\/fr\/wp-json\/wp\/v2\/product\/15692","targetHints":{"allow":["GET"]}}],"collection":[{"href":"https:\/\/microcubo.pt\/fr\/wp-json\/wp\/v2\/product"}],"about":[{"href":"https:\/\/microcubo.pt\/fr\/wp-json\/wp\/v2\/types\/product"}],"wp:featuredmedia":[{"embeddable":true,"href":"https:\/\/microcubo.pt\/fr\/wp-json\/wp\/v2\/media\/15696"}],"wp:attachment":[{"href":"https:\/\/microcubo.pt\/fr\/wp-json\/wp\/v2\/media?parent=15692"}],"wp:term":[{"taxonomy":"product_brand","embeddable":true,"href":"https:\/\/microcubo.pt\/fr\/wp-json\/wp\/v2\/product_brand?post=15692"},{"taxonomy":"product_cat","embeddable":true,"href":"https:\/\/microcubo.pt\/fr\/wp-json\/wp\/v2\/product_cat?post=15692"},{"taxonomy":"product_tag","embeddable":true,"href":"https:\/\/microcubo.pt\/fr\/wp-json\/wp\/v2\/product_tag?post=15692"}],"curies":[{"name":"wp","href":"https:\/\/api.w.org\/{rel}","templated":true}]}}

Corbeille à Papier n2 &#8211; Béton

<p>Béton c30/37 (Couleur naturelle/blanc)<br />
Fer (S235JR)<br />
Métallisation SA2 1.5<br />
Couleur Forgée Y764<br />
Écopoint RAL 6001 / RAL 1023 / RAL 5005<br />
Capacité de 40 L/chacun (environ)<br />
Traitement Hydrofuge</p>

<p>Béton c30/37 (Couleur naturelle/blanc) Fer (S235JR) Métallisation SA2 1.5 Couleur Forgée Y764 Écopoint RAL 6001 / RAL 1023 / RAL 5005 Capacité de 40 L/chacun (environ) Traitement Hydrofuge</p>

<!-- This site is optimized with the Yoast SEO plugin v27.5 - https://yoast.com/product/yoast-seo-wordpress/ -->
<title>Corbeille à Papier n2 - Béton - Microcubo</title>
<meta name="robots" content="index, follow, max-snippet:-1, max-image-preview:large, max-video-preview:-1" />
<link rel="canonical" href="https://microcubo.pt/fr/mobilier-urbain/corbeilles-a-papier/corbeille-a-papier-n2-beton/" />
<meta property="og:locale" content="fr_FR" />
<meta property="og:type" content="article" />
<meta property="og:title" content="Corbeille à Papier n2 - Béton - Microcubo" />
<meta property="og:description" content="Béton c30/37 (Couleur naturelle/blanc) Fer (S235JR) Métallisation SA2 1.5 Couleur Forgée Y764 Écopoint RAL 6001 / RAL 1023 / RAL 5005 Capacité de 40 L/chacun (environ) Traitement Hydrofuge" />
<meta property="og:url" content="https://microcubo.pt/fr/mobilier-urbain/corbeilles-a-papier/corbeille-a-papier-n2-beton/" />
<meta property="og:site_name" content="Microcubo" />
<meta property="article:modified_time" content="2026-03-11T17:28:23+00:00" />
<meta property="og:image" content="https://microcubo.pt/wp-content/uploads/2023/09/microcubo-N2-Papeleira-betao-capa.jpg" />
	<meta property="og:image:width" content="600" />
	<meta property="og:image:height" content="600" />
	<meta property="og:image:type" content="image/jpeg" />
<meta name="twitter:card" content="summary_large_image" />
<meta name="twitter:label1" content="Durée de lecture estimée" />
	<meta name="twitter:data1" content="1 minute" />
<script type="application/ld+json" class="yoast-schema-graph">{"@context":"https:\/\/schema.org","@graph":[{"@type":"WebPage","@id":"https:\/\/microcubo.pt\/fr\/mobilier-urbain\/corbeilles-a-papier\/corbeille-a-papier-n2-beton\/","url":"https:\/\/microcubo.pt\/fr\/mobilier-urbain\/corbeilles-a-papier\/corbeille-a-papier-n2-beton\/","name":"Corbeille à Papier n2 - Béton - Microcubo","isPartOf":{"@id":"https:\/\/microcubo.pt\/fr\/#website"},"primaryImageOfPage":{"@id":"https:\/\/microcubo.pt\/fr\/mobilier-urbain\/corbeilles-a-papier\/corbeille-a-papier-n2-beton\/#primaryimage"},"image":{"@id":"https:\/\/microcubo.pt\/fr\/mobilier-urbain\/corbeilles-a-papier\/corbeille-a-papier-n2-beton\/#primaryimage"},"thumbnailUrl":"https:\/\/microcubo.pt\/wp-content\/uploads\/2023\/09\/microcubo-N2-Papeleira-betao-capa.jpg","datePublished":"2023-09-29T09:10:46+00:00","dateModified":"2026-03-11T17:28:23+00:00","breadcrumb":{"@id":"https:\/\/microcubo.pt\/fr\/mobilier-urbain\/corbeilles-a-papier\/corbeille-a-papier-n2-beton\/#breadcrumb"},"inLanguage":"fr-FR","potentialAction":[{"@type":"ReadAction","target":["https:\/\/microcubo.pt\/fr\/mobilier-urbain\/corbeilles-a-papier\/corbeille-a-papier-n2-beton\/"]}]},{"@type":"ImageObject","inLanguage":"fr-FR","@id":"https:\/\/microcubo.pt\/fr\/mobilier-urbain\/corbeilles-a-papier\/corbeille-a-papier-n2-beton\/#primaryimage","url":"https:\/\/microcubo.pt\/wp-content\/uploads\/2023\/09\/microcubo-N2-Papeleira-betao-capa.jpg","contentUrl":"https:\/\/microcubo.pt\/wp-content\/uploads\/2023\/09\/microcubo-N2-Papeleira-betao-capa.jpg","width":600,"height":600},{"@type":"BreadcrumbList","@id":"https:\/\/microcubo.pt\/fr\/mobilier-urbain\/corbeilles-a-papier\/corbeille-a-papier-n2-beton\/#breadcrumb","itemListElement":[{"@type":"ListItem","position":1,"name":"domicile","item":"https:\/\/microcubo.pt\/fr\/"},{"@type":"ListItem","position":2,"name":"Produits","item":"https:\/\/microcubo.pt\/fr\/shop\/"},{"@type":"ListItem","position":3,"name":"Corbeille à Papier n2 &#8211; Béton"}]},{"@type":"WebSite","@id":"https:\/\/microcubo.pt\/fr\/#website","url":"https:\/\/microcubo.pt\/fr\/","name":"Microcubo","description":"","potentialAction":[{"@type":"SearchAction","target":{"@type":"EntryPoint","urlTemplate":"https:\/\/microcubo.pt\/fr\/?s={search_term_string}"},"query-input":{"@type":"PropertyValueSpecification","valueRequired":true,"valueName":"search_term_string"}}],"inLanguage":"fr-FR"}]}</script>
<!-- / Yoast SEO plugin. -->

Corbeille à Papier n2 - Béton - Microcubo

Béton c30/37 (Couleur naturelle/blanc) Fer (S235JR) Métallisation SA2 1.5 Couleur Forgée Y764 Écopoint RAL 6001 / RAL 1023 / RAL 5005 Capacité de 40 L/chacun (environ) Traitement Hydrofuge
