{"id":16283,"date":"2024-02-19T10:37:43","date_gmt":"2024-02-19T10:37:43","guid":{"rendered":"https:\/\/microcubo.pt\/?post_type=product&#038;p=16283"},"modified":"2026-03-11T17:28:28","modified_gmt":"2026-03-11T17:28:28","slug":"jardinieres-eye","status":"publish","type":"product","link":"https:\/\/microcubo.pt\/fr\/mobilier-urbain\/jardinieres\/jardinieres-eye\/","title":{"rendered":"Jardini\u00e8res EYE"},"content":{"rendered":"<p>Fer (S235JR)<br \/>\nBois de kambala ou mat\u00e9riau recycl\u00e9<br \/>\nSablage \u00e0 l\u2019abrasif au grade SA2 1.5<br \/>\nM\u00e9tallisation \u00e0 chaud d\u2019une \u00e9paisseur de 40 \u00e0 60 microns<br \/>\nPeinture \u00e0 2 composants en couleur Forge Y764<br \/>\nAqueux lasur 205 protection et conservation ch\u00eane pour usage ext\u00e9rieur<br \/>\n300 kg env<\/p>\n","protected":false},"excerpt":{"rendered":"<p>Fer (S235JR) Bois de kambala ou mat\u00e9riau recycl\u00e9 Sablage \u00e0 l\u2019abrasif au grade SA2 1.5 M\u00e9tallisation \u00e0 chaud d\u2019une \u00e9paisseur de 40 \u00e0 60 microns Peinture \u00e0 2 composants en couleur Forge Y764 Aqueux lasur 205 protection et conservation ch\u00eane pour usage ext\u00e9rieur 300 kg env<\/p>\n","protected":false},"featured_media":17400,"template":"","meta":[],"product_brand":[],"product_cat":[891],"product_tag":[],"class_list":{"0":"post-16283","1":"product","2":"type-product","3":"status-publish","4":"has-post-thumbnail","6":"product_cat-jardinieres","7":"mobiliario_urbano_linha-eye-fr","8":"mobiliario_urbano_arquiteto-microcubo-fr","10":"first","11":"instock","12":"shipping-taxable","13":"product-type-simple"},"yoast_head":"<!-- This site is optimized with the Yoast SEO plugin v27.5 - https:\/\/yoast.com\/product\/yoast-seo-wordpress\/ -->\n<title>Jardini\u00e8res EYE - Microcubo<\/title>\n<meta name=\"robots\" content=\"index, follow, max-snippet:-1, max-image-preview:large, max-video-preview:-1\" \/>\n<link rel=\"canonical\" href=\"https:\/\/microcubo.pt\/fr\/mobilier-urbain\/jardinieres\/jardinieres-eye\/\" \/>\n<meta property=\"og:locale\" content=\"fr_FR\" \/>\n<meta property=\"og:type\" content=\"article\" \/>\n<meta property=\"og:title\" content=\"Jardini\u00e8res EYE - Microcubo\" \/>\n<meta property=\"og:description\" content=\"Fer (S235JR) Bois de kambala ou mat\u00e9riau recycl\u00e9 Sablage \u00e0 l\u2019abrasif au grade SA2 1.5 M\u00e9tallisation \u00e0 chaud d\u2019une \u00e9paisseur de 40 \u00e0 60 microns Peinture \u00e0 2 composants en couleur Forge Y764 Aqueux lasur 205 protection et conservation ch\u00eane pour usage ext\u00e9rieur 300 kg env\" \/>\n<meta property=\"og:url\" content=\"https:\/\/microcubo.pt\/fr\/mobilier-urbain\/jardinieres\/jardinieres-eye\/\" \/>\n<meta property=\"og:site_name\" content=\"Microcubo\" \/>\n<meta property=\"article:modified_time\" content=\"2026-03-11T17:28:28+00:00\" \/>\n<meta property=\"og:image\" content=\"https:\/\/microcubo.pt\/wp-content\/uploads\/2024\/02\/microcubo-Floreiras-Eye-capa.jpg\" \/>\n\t<meta property=\"og:image:width\" content=\"599\" \/>\n\t<meta property=\"og:image:height\" content=\"599\" \/>\n\t<meta property=\"og:image:type\" content=\"image\/jpeg\" \/>\n<meta name=\"twitter:card\" content=\"summary_large_image\" \/>\n<meta name=\"twitter:label1\" content=\"Dur\u00e9e de lecture estim\u00e9e\" \/>\n\t<meta name=\"twitter:data1\" content=\"1 minute\" \/>\n<script type=\"application\/ld+json\" class=\"yoast-schema-graph\">{\"@context\":\"https:\\\/\\\/schema.org\",\"@graph\":[{\"@type\":\"WebPage\",\"@id\":\"https:\\\/\\\/microcubo.pt\\\/fr\\\/mobilier-urbain\\\/jardinieres\\\/jardinieres-eye\\\/\",\"url\":\"https:\\\/\\\/microcubo.pt\\\/fr\\\/mobilier-urbain\\\/jardinieres\\\/jardinieres-eye\\\/\",\"name\":\"Jardini\u00e8res EYE - Microcubo\",\"isPartOf\":{\"@id\":\"https:\\\/\\\/microcubo.pt\\\/fr\\\/#website\"},\"primaryImageOfPage\":{\"@id\":\"https:\\\/\\\/microcubo.pt\\\/fr\\\/mobilier-urbain\\\/jardinieres\\\/jardinieres-eye\\\/#primaryimage\"},\"image\":{\"@id\":\"https:\\\/\\\/microcubo.pt\\\/fr\\\/mobilier-urbain\\\/jardinieres\\\/jardinieres-eye\\\/#primaryimage\"},\"thumbnailUrl\":\"https:\\\/\\\/microcubo.pt\\\/wp-content\\\/uploads\\\/2024\\\/02\\\/microcubo-Floreiras-Eye-capa.jpg\",\"datePublished\":\"2024-02-19T10:37:43+00:00\",\"dateModified\":\"2026-03-11T17:28:28+00:00\",\"breadcrumb\":{\"@id\":\"https:\\\/\\\/microcubo.pt\\\/fr\\\/mobilier-urbain\\\/jardinieres\\\/jardinieres-eye\\\/#breadcrumb\"},\"inLanguage\":\"fr-FR\",\"potentialAction\":[{\"@type\":\"ReadAction\",\"target\":[\"https:\\\/\\\/microcubo.pt\\\/fr\\\/mobilier-urbain\\\/jardinieres\\\/jardinieres-eye\\\/\"]}]},{\"@type\":\"ImageObject\",\"inLanguage\":\"fr-FR\",\"@id\":\"https:\\\/\\\/microcubo.pt\\\/fr\\\/mobilier-urbain\\\/jardinieres\\\/jardinieres-eye\\\/#primaryimage\",\"url\":\"https:\\\/\\\/microcubo.pt\\\/wp-content\\\/uploads\\\/2024\\\/02\\\/microcubo-Floreiras-Eye-capa.jpg\",\"contentUrl\":\"https:\\\/\\\/microcubo.pt\\\/wp-content\\\/uploads\\\/2024\\\/02\\\/microcubo-Floreiras-Eye-capa.jpg\",\"width\":599,\"height\":599},{\"@type\":\"BreadcrumbList\",\"@id\":\"https:\\\/\\\/microcubo.pt\\\/fr\\\/mobilier-urbain\\\/jardinieres\\\/jardinieres-eye\\\/#breadcrumb\",\"itemListElement\":[{\"@type\":\"ListItem\",\"position\":1,\"name\":\"domicile\",\"item\":\"https:\\\/\\\/microcubo.pt\\\/fr\\\/\"},{\"@type\":\"ListItem\",\"position\":2,\"name\":\"Produits\",\"item\":\"https:\\\/\\\/microcubo.pt\\\/fr\\\/shop\\\/\"},{\"@type\":\"ListItem\",\"position\":3,\"name\":\"Jardini\u00e8res EYE\"}]},{\"@type\":\"WebSite\",\"@id\":\"https:\\\/\\\/microcubo.pt\\\/fr\\\/#website\",\"url\":\"https:\\\/\\\/microcubo.pt\\\/fr\\\/\",\"name\":\"Microcubo\",\"description\":\"\",\"potentialAction\":[{\"@type\":\"SearchAction\",\"target\":{\"@type\":\"EntryPoint\",\"urlTemplate\":\"https:\\\/\\\/microcubo.pt\\\/fr\\\/?s={search_term_string}\"},\"query-input\":{\"@type\":\"PropertyValueSpecification\",\"valueRequired\":true,\"valueName\":\"search_term_string\"}}],\"inLanguage\":\"fr-FR\"}]}<\/script>\n<!-- \/ Yoast SEO plugin. -->","yoast_head_json":{"title":"Jardini\u00e8res EYE - Microcubo","robots":{"index":"index","follow":"follow","max-snippet":"max-snippet:-1","max-image-preview":"max-image-preview:large","max-video-preview":"max-video-preview:-1"},"canonical":"https:\/\/microcubo.pt\/fr\/mobilier-urbain\/jardinieres\/jardinieres-eye\/","og_locale":"fr_FR","og_type":"article","og_title":"Jardini\u00e8res EYE - Microcubo","og_description":"Fer (S235JR) Bois de kambala ou mat\u00e9riau recycl\u00e9 Sablage \u00e0 l\u2019abrasif au grade SA2 1.5 M\u00e9tallisation \u00e0 chaud d\u2019une \u00e9paisseur de 40 \u00e0 60 microns Peinture \u00e0 2 composants en couleur Forge Y764 Aqueux lasur 205 protection et conservation ch\u00eane pour usage ext\u00e9rieur 300 kg env","og_url":"https:\/\/microcubo.pt\/fr\/mobilier-urbain\/jardinieres\/jardinieres-eye\/","og_site_name":"Microcubo","article_modified_time":"2026-03-11T17:28:28+00:00","og_image":[{"width":599,"height":599,"url":"https:\/\/microcubo.pt\/wp-content\/uploads\/2024\/02\/microcubo-Floreiras-Eye-capa.jpg","type":"image\/jpeg"}],"twitter_card":"summary_large_image","twitter_misc":{"Dur\u00e9e de lecture estim\u00e9e":"1 minute"},"schema":{"@context":"https:\/\/schema.org","@graph":[{"@type":"WebPage","@id":"https:\/\/microcubo.pt\/fr\/mobilier-urbain\/jardinieres\/jardinieres-eye\/","url":"https:\/\/microcubo.pt\/fr\/mobilier-urbain\/jardinieres\/jardinieres-eye\/","name":"Jardini\u00e8res EYE - Microcubo","isPartOf":{"@id":"https:\/\/microcubo.pt\/fr\/#website"},"primaryImageOfPage":{"@id":"https:\/\/microcubo.pt\/fr\/mobilier-urbain\/jardinieres\/jardinieres-eye\/#primaryimage"},"image":{"@id":"https:\/\/microcubo.pt\/fr\/mobilier-urbain\/jardinieres\/jardinieres-eye\/#primaryimage"},"thumbnailUrl":"https:\/\/microcubo.pt\/wp-content\/uploads\/2024\/02\/microcubo-Floreiras-Eye-capa.jpg","datePublished":"2024-02-19T10:37:43+00:00","dateModified":"2026-03-11T17:28:28+00:00","breadcrumb":{"@id":"https:\/\/microcubo.pt\/fr\/mobilier-urbain\/jardinieres\/jardinieres-eye\/#breadcrumb"},"inLanguage":"fr-FR","potentialAction":[{"@type":"ReadAction","target":["https:\/\/microcubo.pt\/fr\/mobilier-urbain\/jardinieres\/jardinieres-eye\/"]}]},{"@type":"ImageObject","inLanguage":"fr-FR","@id":"https:\/\/microcubo.pt\/fr\/mobilier-urbain\/jardinieres\/jardinieres-eye\/#primaryimage","url":"https:\/\/microcubo.pt\/wp-content\/uploads\/2024\/02\/microcubo-Floreiras-Eye-capa.jpg","contentUrl":"https:\/\/microcubo.pt\/wp-content\/uploads\/2024\/02\/microcubo-Floreiras-Eye-capa.jpg","width":599,"height":599},{"@type":"BreadcrumbList","@id":"https:\/\/microcubo.pt\/fr\/mobilier-urbain\/jardinieres\/jardinieres-eye\/#breadcrumb","itemListElement":[{"@type":"ListItem","position":1,"name":"domicile","item":"https:\/\/microcubo.pt\/fr\/"},{"@type":"ListItem","position":2,"name":"Produits","item":"https:\/\/microcubo.pt\/fr\/shop\/"},{"@type":"ListItem","position":3,"name":"Jardini\u00e8res EYE"}]},{"@type":"WebSite","@id":"https:\/\/microcubo.pt\/fr\/#website","url":"https:\/\/microcubo.pt\/fr\/","name":"Microcubo","description":"","potentialAction":[{"@type":"SearchAction","target":{"@type":"EntryPoint","urlTemplate":"https:\/\/microcubo.pt\/fr\/?s={search_term_string}"},"query-input":{"@type":"PropertyValueSpecification","valueRequired":true,"valueName":"search_term_string"}}],"inLanguage":"fr-FR"}]}},"_links":{"self":[{"href":"https:\/\/microcubo.pt\/fr\/wp-json\/wp\/v2\/product\/16283","targetHints":{"allow":["GET"]}}],"collection":[{"href":"https:\/\/microcubo.pt\/fr\/wp-json\/wp\/v2\/product"}],"about":[{"href":"https:\/\/microcubo.pt\/fr\/wp-json\/wp\/v2\/types\/product"}],"wp:featuredmedia":[{"embeddable":true,"href":"https:\/\/microcubo.pt\/fr\/wp-json\/wp\/v2\/media\/17400"}],"wp:attachment":[{"href":"https:\/\/microcubo.pt\/fr\/wp-json\/wp\/v2\/media?parent=16283"}],"wp:term":[{"taxonomy":"product_brand","embeddable":true,"href":"https:\/\/microcubo.pt\/fr\/wp-json\/wp\/v2\/product_brand?post=16283"},{"taxonomy":"product_cat","embeddable":true,"href":"https:\/\/microcubo.pt\/fr\/wp-json\/wp\/v2\/product_cat?post=16283"},{"taxonomy":"product_tag","embeddable":true,"href":"https:\/\/microcubo.pt\/fr\/wp-json\/wp\/v2\/product_tag?post=16283"}],"curies":[{"name":"wp","href":"https:\/\/api.w.org\/{rel}","templated":true}]}}

Jardinières EYE

<p>Fer (S235JR)<br />
Bois de kambala ou matériau recyclé<br />
Sablage à l’abrasif au grade SA2 1.5<br />
Métallisation à chaud d’une épaisseur de 40 à 60 microns<br />
Peinture à 2 composants en couleur Forge Y764<br />
Aqueux lasur 205 protection et conservation chêne pour usage extérieur<br />
300 kg env</p>

<p>Fer (S235JR) Bois de kambala ou matériau recyclé Sablage à l’abrasif au grade SA2 1.5 Métallisation à chaud d’une épaisseur de 40 à 60 microns Peinture à 2 composants en couleur Forge Y764 Aqueux lasur 205 protection et conservation chêne pour usage extérieur 300 kg env</p>

<!-- This site is optimized with the Yoast SEO plugin v27.5 - https://yoast.com/product/yoast-seo-wordpress/ -->
<title>Jardinières EYE - Microcubo</title>
<meta name="robots" content="index, follow, max-snippet:-1, max-image-preview:large, max-video-preview:-1" />
<link rel="canonical" href="https://microcubo.pt/fr/mobilier-urbain/jardinieres/jardinieres-eye/" />
<meta property="og:locale" content="fr_FR" />
<meta property="og:type" content="article" />
<meta property="og:title" content="Jardinières EYE - Microcubo" />
<meta property="og:description" content="Fer (S235JR) Bois de kambala ou matériau recyclé Sablage à l’abrasif au grade SA2 1.5 Métallisation à chaud d’une épaisseur de 40 à 60 microns Peinture à 2 composants en couleur Forge Y764 Aqueux lasur 205 protection et conservation chêne pour usage extérieur 300 kg env" />
<meta property="og:url" content="https://microcubo.pt/fr/mobilier-urbain/jardinieres/jardinieres-eye/" />
<meta property="og:site_name" content="Microcubo" />
<meta property="article:modified_time" content="2026-03-11T17:28:28+00:00" />
<meta property="og:image" content="https://microcubo.pt/wp-content/uploads/2024/02/microcubo-Floreiras-Eye-capa.jpg" />
	<meta property="og:image:width" content="599" />
	<meta property="og:image:height" content="599" />
	<meta property="og:image:type" content="image/jpeg" />
<meta name="twitter:card" content="summary_large_image" />
<meta name="twitter:label1" content="Durée de lecture estimée" />
	<meta name="twitter:data1" content="1 minute" />
<script type="application/ld+json" class="yoast-schema-graph">{"@context":"https:\/\/schema.org","@graph":[{"@type":"WebPage","@id":"https:\/\/microcubo.pt\/fr\/mobilier-urbain\/jardinieres\/jardinieres-eye\/","url":"https:\/\/microcubo.pt\/fr\/mobilier-urbain\/jardinieres\/jardinieres-eye\/","name":"Jardinières EYE - Microcubo","isPartOf":{"@id":"https:\/\/microcubo.pt\/fr\/#website"},"primaryImageOfPage":{"@id":"https:\/\/microcubo.pt\/fr\/mobilier-urbain\/jardinieres\/jardinieres-eye\/#primaryimage"},"image":{"@id":"https:\/\/microcubo.pt\/fr\/mobilier-urbain\/jardinieres\/jardinieres-eye\/#primaryimage"},"thumbnailUrl":"https:\/\/microcubo.pt\/wp-content\/uploads\/2024\/02\/microcubo-Floreiras-Eye-capa.jpg","datePublished":"2024-02-19T10:37:43+00:00","dateModified":"2026-03-11T17:28:28+00:00","breadcrumb":{"@id":"https:\/\/microcubo.pt\/fr\/mobilier-urbain\/jardinieres\/jardinieres-eye\/#breadcrumb"},"inLanguage":"fr-FR","potentialAction":[{"@type":"ReadAction","target":["https:\/\/microcubo.pt\/fr\/mobilier-urbain\/jardinieres\/jardinieres-eye\/"]}]},{"@type":"ImageObject","inLanguage":"fr-FR","@id":"https:\/\/microcubo.pt\/fr\/mobilier-urbain\/jardinieres\/jardinieres-eye\/#primaryimage","url":"https:\/\/microcubo.pt\/wp-content\/uploads\/2024\/02\/microcubo-Floreiras-Eye-capa.jpg","contentUrl":"https:\/\/microcubo.pt\/wp-content\/uploads\/2024\/02\/microcubo-Floreiras-Eye-capa.jpg","width":599,"height":599},{"@type":"BreadcrumbList","@id":"https:\/\/microcubo.pt\/fr\/mobilier-urbain\/jardinieres\/jardinieres-eye\/#breadcrumb","itemListElement":[{"@type":"ListItem","position":1,"name":"domicile","item":"https:\/\/microcubo.pt\/fr\/"},{"@type":"ListItem","position":2,"name":"Produits","item":"https:\/\/microcubo.pt\/fr\/shop\/"},{"@type":"ListItem","position":3,"name":"Jardinières EYE"}]},{"@type":"WebSite","@id":"https:\/\/microcubo.pt\/fr\/#website","url":"https:\/\/microcubo.pt\/fr\/","name":"Microcubo","description":"","potentialAction":[{"@type":"SearchAction","target":{"@type":"EntryPoint","urlTemplate":"https:\/\/microcubo.pt\/fr\/?s={search_term_string}"},"query-input":{"@type":"PropertyValueSpecification","valueRequired":true,"valueName":"search_term_string"}}],"inLanguage":"fr-FR"}]}</script>
<!-- / Yoast SEO plugin. -->

Jardinières EYE - Microcubo

Fer (S235JR) Bois de kambala ou matériau recyclé Sablage à l’abrasif au grade SA2 1.5 Métallisation à chaud d’une épaisseur de 40 à 60 microns Peinture à 2 composants en couleur Forge Y764 Aqueux lasur 205 protection et conservation chêne pour usage extérieur 300 kg env
