{"id":18837,"date":"2025-03-26T15:00:05","date_gmt":"2025-03-26T15:00:05","guid":{"rendered":"https:\/\/microcubo.pt\/?post_type=product&#038;p=18837"},"modified":"2026-03-11T17:28:46","modified_gmt":"2026-03-11T17:28:46","slug":"abris-ads","status":"publish","type":"product","link":"https:\/\/microcubo.pt\/fr\/mobilier-urbain\/abris\/abris-ads\/","title":{"rendered":"Abris ADS"},"content":{"rendered":"<p>Acier (S235JR)<br \/>\nBois Kambala<br \/>\nCouleur Forja Y764<br \/>\nM\u00e9tallisation SA2 1.5<br \/>\nCouvercle en polycarbonate<br \/>\nVerre tremp\u00e9 arri\u00e8re et lat\u00e9ral<br \/>\nVinyle en option (sur demande)<\/p>\n","protected":false},"excerpt":{"rendered":"<p>Acier (S235JR) Bois Kambala Couleur Forja Y764 M\u00e9tallisation SA2 1.5 Couvercle en polycarbonate Verre tremp\u00e9 arri\u00e8re et lat\u00e9ral Vinyle en option (sur demande)<\/p>\n","protected":false},"featured_media":18841,"template":"","meta":[],"product_brand":[],"product_cat":[897],"product_tag":[],"class_list":{"0":"post-18837","1":"product","2":"type-product","3":"status-publish","4":"has-post-thumbnail","6":"product_cat-abris","7":"mobiliario_urbano_linha-ads-fr","8":"mobiliario_urbano_arquiteto-atelier-do-sul-fr","10":"first","11":"instock","12":"shipping-taxable","13":"product-type-simple"},"yoast_head":"<!-- This site is optimized with the Yoast SEO plugin v27.5 - https:\/\/yoast.com\/product\/yoast-seo-wordpress\/ -->\n<title>Abris ADS - Microcubo<\/title>\n<meta name=\"robots\" content=\"index, follow, max-snippet:-1, max-image-preview:large, max-video-preview:-1\" \/>\n<link rel=\"canonical\" href=\"https:\/\/microcubo.pt\/fr\/mobilier-urbain\/abris\/abris-ads\/\" \/>\n<meta property=\"og:locale\" content=\"fr_FR\" \/>\n<meta property=\"og:type\" content=\"article\" \/>\n<meta property=\"og:title\" content=\"Abris ADS - Microcubo\" \/>\n<meta property=\"og:description\" content=\"Acier (S235JR) Bois Kambala Couleur Forja Y764 M\u00e9tallisation SA2 1.5 Couvercle en polycarbonate Verre tremp\u00e9 arri\u00e8re et lat\u00e9ral Vinyle en option (sur demande)\" \/>\n<meta property=\"og:url\" content=\"https:\/\/microcubo.pt\/fr\/mobilier-urbain\/abris\/abris-ads\/\" \/>\n<meta property=\"og:site_name\" content=\"Microcubo\" \/>\n<meta property=\"article:modified_time\" content=\"2026-03-11T17:28:46+00:00\" \/>\n<meta property=\"og:image\" content=\"https:\/\/microcubo.pt\/wp-content\/uploads\/2025\/03\/microcubo-abrigo-ads-capa.jpg\" \/>\n\t<meta property=\"og:image:width\" content=\"601\" \/>\n\t<meta property=\"og:image:height\" content=\"601\" \/>\n\t<meta property=\"og:image:type\" content=\"image\/jpeg\" \/>\n<meta name=\"twitter:card\" content=\"summary_large_image\" \/>\n<meta name=\"twitter:label1\" content=\"Dur\u00e9e de lecture estim\u00e9e\" \/>\n\t<meta name=\"twitter:data1\" content=\"1 minute\" \/>\n<script type=\"application\/ld+json\" class=\"yoast-schema-graph\">{\"@context\":\"https:\\\/\\\/schema.org\",\"@graph\":[{\"@type\":\"WebPage\",\"@id\":\"https:\\\/\\\/microcubo.pt\\\/fr\\\/mobilier-urbain\\\/abris\\\/abris-ads\\\/\",\"url\":\"https:\\\/\\\/microcubo.pt\\\/fr\\\/mobilier-urbain\\\/abris\\\/abris-ads\\\/\",\"name\":\"Abris ADS - Microcubo\",\"isPartOf\":{\"@id\":\"https:\\\/\\\/microcubo.pt\\\/fr\\\/#website\"},\"primaryImageOfPage\":{\"@id\":\"https:\\\/\\\/microcubo.pt\\\/fr\\\/mobilier-urbain\\\/abris\\\/abris-ads\\\/#primaryimage\"},\"image\":{\"@id\":\"https:\\\/\\\/microcubo.pt\\\/fr\\\/mobilier-urbain\\\/abris\\\/abris-ads\\\/#primaryimage\"},\"thumbnailUrl\":\"https:\\\/\\\/microcubo.pt\\\/wp-content\\\/uploads\\\/2025\\\/03\\\/microcubo-abrigo-ads-capa.jpg\",\"datePublished\":\"2025-03-26T15:00:05+00:00\",\"dateModified\":\"2026-03-11T17:28:46+00:00\",\"breadcrumb\":{\"@id\":\"https:\\\/\\\/microcubo.pt\\\/fr\\\/mobilier-urbain\\\/abris\\\/abris-ads\\\/#breadcrumb\"},\"inLanguage\":\"fr-FR\",\"potentialAction\":[{\"@type\":\"ReadAction\",\"target\":[\"https:\\\/\\\/microcubo.pt\\\/fr\\\/mobilier-urbain\\\/abris\\\/abris-ads\\\/\"]}]},{\"@type\":\"ImageObject\",\"inLanguage\":\"fr-FR\",\"@id\":\"https:\\\/\\\/microcubo.pt\\\/fr\\\/mobilier-urbain\\\/abris\\\/abris-ads\\\/#primaryimage\",\"url\":\"https:\\\/\\\/microcubo.pt\\\/wp-content\\\/uploads\\\/2025\\\/03\\\/microcubo-abrigo-ads-capa.jpg\",\"contentUrl\":\"https:\\\/\\\/microcubo.pt\\\/wp-content\\\/uploads\\\/2025\\\/03\\\/microcubo-abrigo-ads-capa.jpg\",\"width\":601,\"height\":601},{\"@type\":\"BreadcrumbList\",\"@id\":\"https:\\\/\\\/microcubo.pt\\\/fr\\\/mobilier-urbain\\\/abris\\\/abris-ads\\\/#breadcrumb\",\"itemListElement\":[{\"@type\":\"ListItem\",\"position\":1,\"name\":\"domicile\",\"item\":\"https:\\\/\\\/microcubo.pt\\\/fr\\\/\"},{\"@type\":\"ListItem\",\"position\":2,\"name\":\"Produits\",\"item\":\"https:\\\/\\\/microcubo.pt\\\/fr\\\/shop\\\/\"},{\"@type\":\"ListItem\",\"position\":3,\"name\":\"Abris ADS\"}]},{\"@type\":\"WebSite\",\"@id\":\"https:\\\/\\\/microcubo.pt\\\/fr\\\/#website\",\"url\":\"https:\\\/\\\/microcubo.pt\\\/fr\\\/\",\"name\":\"Microcubo\",\"description\":\"\",\"potentialAction\":[{\"@type\":\"SearchAction\",\"target\":{\"@type\":\"EntryPoint\",\"urlTemplate\":\"https:\\\/\\\/microcubo.pt\\\/fr\\\/?s={search_term_string}\"},\"query-input\":{\"@type\":\"PropertyValueSpecification\",\"valueRequired\":true,\"valueName\":\"search_term_string\"}}],\"inLanguage\":\"fr-FR\"}]}<\/script>\n<!-- \/ Yoast SEO plugin. -->","yoast_head_json":{"title":"Abris ADS - Microcubo","robots":{"index":"index","follow":"follow","max-snippet":"max-snippet:-1","max-image-preview":"max-image-preview:large","max-video-preview":"max-video-preview:-1"},"canonical":"https:\/\/microcubo.pt\/fr\/mobilier-urbain\/abris\/abris-ads\/","og_locale":"fr_FR","og_type":"article","og_title":"Abris ADS - Microcubo","og_description":"Acier (S235JR) Bois Kambala Couleur Forja Y764 M\u00e9tallisation SA2 1.5 Couvercle en polycarbonate Verre tremp\u00e9 arri\u00e8re et lat\u00e9ral Vinyle en option (sur demande)","og_url":"https:\/\/microcubo.pt\/fr\/mobilier-urbain\/abris\/abris-ads\/","og_site_name":"Microcubo","article_modified_time":"2026-03-11T17:28:46+00:00","og_image":[{"width":601,"height":601,"url":"https:\/\/microcubo.pt\/wp-content\/uploads\/2025\/03\/microcubo-abrigo-ads-capa.jpg","type":"image\/jpeg"}],"twitter_card":"summary_large_image","twitter_misc":{"Dur\u00e9e de lecture estim\u00e9e":"1 minute"},"schema":{"@context":"https:\/\/schema.org","@graph":[{"@type":"WebPage","@id":"https:\/\/microcubo.pt\/fr\/mobilier-urbain\/abris\/abris-ads\/","url":"https:\/\/microcubo.pt\/fr\/mobilier-urbain\/abris\/abris-ads\/","name":"Abris ADS - Microcubo","isPartOf":{"@id":"https:\/\/microcubo.pt\/fr\/#website"},"primaryImageOfPage":{"@id":"https:\/\/microcubo.pt\/fr\/mobilier-urbain\/abris\/abris-ads\/#primaryimage"},"image":{"@id":"https:\/\/microcubo.pt\/fr\/mobilier-urbain\/abris\/abris-ads\/#primaryimage"},"thumbnailUrl":"https:\/\/microcubo.pt\/wp-content\/uploads\/2025\/03\/microcubo-abrigo-ads-capa.jpg","datePublished":"2025-03-26T15:00:05+00:00","dateModified":"2026-03-11T17:28:46+00:00","breadcrumb":{"@id":"https:\/\/microcubo.pt\/fr\/mobilier-urbain\/abris\/abris-ads\/#breadcrumb"},"inLanguage":"fr-FR","potentialAction":[{"@type":"ReadAction","target":["https:\/\/microcubo.pt\/fr\/mobilier-urbain\/abris\/abris-ads\/"]}]},{"@type":"ImageObject","inLanguage":"fr-FR","@id":"https:\/\/microcubo.pt\/fr\/mobilier-urbain\/abris\/abris-ads\/#primaryimage","url":"https:\/\/microcubo.pt\/wp-content\/uploads\/2025\/03\/microcubo-abrigo-ads-capa.jpg","contentUrl":"https:\/\/microcubo.pt\/wp-content\/uploads\/2025\/03\/microcubo-abrigo-ads-capa.jpg","width":601,"height":601},{"@type":"BreadcrumbList","@id":"https:\/\/microcubo.pt\/fr\/mobilier-urbain\/abris\/abris-ads\/#breadcrumb","itemListElement":[{"@type":"ListItem","position":1,"name":"domicile","item":"https:\/\/microcubo.pt\/fr\/"},{"@type":"ListItem","position":2,"name":"Produits","item":"https:\/\/microcubo.pt\/fr\/shop\/"},{"@type":"ListItem","position":3,"name":"Abris ADS"}]},{"@type":"WebSite","@id":"https:\/\/microcubo.pt\/fr\/#website","url":"https:\/\/microcubo.pt\/fr\/","name":"Microcubo","description":"","potentialAction":[{"@type":"SearchAction","target":{"@type":"EntryPoint","urlTemplate":"https:\/\/microcubo.pt\/fr\/?s={search_term_string}"},"query-input":{"@type":"PropertyValueSpecification","valueRequired":true,"valueName":"search_term_string"}}],"inLanguage":"fr-FR"}]}},"_links":{"self":[{"href":"https:\/\/microcubo.pt\/fr\/wp-json\/wp\/v2\/product\/18837","targetHints":{"allow":["GET"]}}],"collection":[{"href":"https:\/\/microcubo.pt\/fr\/wp-json\/wp\/v2\/product"}],"about":[{"href":"https:\/\/microcubo.pt\/fr\/wp-json\/wp\/v2\/types\/product"}],"wp:featuredmedia":[{"embeddable":true,"href":"https:\/\/microcubo.pt\/fr\/wp-json\/wp\/v2\/media\/18841"}],"wp:attachment":[{"href":"https:\/\/microcubo.pt\/fr\/wp-json\/wp\/v2\/media?parent=18837"}],"wp:term":[{"taxonomy":"product_brand","embeddable":true,"href":"https:\/\/microcubo.pt\/fr\/wp-json\/wp\/v2\/product_brand?post=18837"},{"taxonomy":"product_cat","embeddable":true,"href":"https:\/\/microcubo.pt\/fr\/wp-json\/wp\/v2\/product_cat?post=18837"},{"taxonomy":"product_tag","embeddable":true,"href":"https:\/\/microcubo.pt\/fr\/wp-json\/wp\/v2\/product_tag?post=18837"}],"curies":[{"name":"wp","href":"https:\/\/api.w.org\/{rel}","templated":true}]}}

<p>Acier (S235JR)<br />
Bois Kambala<br />
Couleur Forja Y764<br />
Métallisation SA2 1.5<br />
Couvercle en polycarbonate<br />
Verre trempé arrière et latéral<br />
Vinyle en option (sur demande)</p>

<p>Acier (S235JR) Bois Kambala Couleur Forja Y764 Métallisation SA2 1.5 Couvercle en polycarbonate Verre trempé arrière et latéral Vinyle en option (sur demande)</p>

<!-- This site is optimized with the Yoast SEO plugin v27.5 - https://yoast.com/product/yoast-seo-wordpress/ -->
<title>Abris ADS - Microcubo</title>
<meta name="robots" content="index, follow, max-snippet:-1, max-image-preview:large, max-video-preview:-1" />
<link rel="canonical" href="https://microcubo.pt/fr/mobilier-urbain/abris/abris-ads/" />
<meta property="og:locale" content="fr_FR" />
<meta property="og:type" content="article" />
<meta property="og:title" content="Abris ADS - Microcubo" />
<meta property="og:description" content="Acier (S235JR) Bois Kambala Couleur Forja Y764 Métallisation SA2 1.5 Couvercle en polycarbonate Verre trempé arrière et latéral Vinyle en option (sur demande)" />
<meta property="og:url" content="https://microcubo.pt/fr/mobilier-urbain/abris/abris-ads/" />
<meta property="og:site_name" content="Microcubo" />
<meta property="article:modified_time" content="2026-03-11T17:28:46+00:00" />
<meta property="og:image" content="https://microcubo.pt/wp-content/uploads/2025/03/microcubo-abrigo-ads-capa.jpg" />
	<meta property="og:image:width" content="601" />
	<meta property="og:image:height" content="601" />
	<meta property="og:image:type" content="image/jpeg" />
<meta name="twitter:card" content="summary_large_image" />
<meta name="twitter:label1" content="Durée de lecture estimée" />
	<meta name="twitter:data1" content="1 minute" />
<script type="application/ld+json" class="yoast-schema-graph">{"@context":"https:\/\/schema.org","@graph":[{"@type":"WebPage","@id":"https:\/\/microcubo.pt\/fr\/mobilier-urbain\/abris\/abris-ads\/","url":"https:\/\/microcubo.pt\/fr\/mobilier-urbain\/abris\/abris-ads\/","name":"Abris ADS - Microcubo","isPartOf":{"@id":"https:\/\/microcubo.pt\/fr\/#website"},"primaryImageOfPage":{"@id":"https:\/\/microcubo.pt\/fr\/mobilier-urbain\/abris\/abris-ads\/#primaryimage"},"image":{"@id":"https:\/\/microcubo.pt\/fr\/mobilier-urbain\/abris\/abris-ads\/#primaryimage"},"thumbnailUrl":"https:\/\/microcubo.pt\/wp-content\/uploads\/2025\/03\/microcubo-abrigo-ads-capa.jpg","datePublished":"2025-03-26T15:00:05+00:00","dateModified":"2026-03-11T17:28:46+00:00","breadcrumb":{"@id":"https:\/\/microcubo.pt\/fr\/mobilier-urbain\/abris\/abris-ads\/#breadcrumb"},"inLanguage":"fr-FR","potentialAction":[{"@type":"ReadAction","target":["https:\/\/microcubo.pt\/fr\/mobilier-urbain\/abris\/abris-ads\/"]}]},{"@type":"ImageObject","inLanguage":"fr-FR","@id":"https:\/\/microcubo.pt\/fr\/mobilier-urbain\/abris\/abris-ads\/#primaryimage","url":"https:\/\/microcubo.pt\/wp-content\/uploads\/2025\/03\/microcubo-abrigo-ads-capa.jpg","contentUrl":"https:\/\/microcubo.pt\/wp-content\/uploads\/2025\/03\/microcubo-abrigo-ads-capa.jpg","width":601,"height":601},{"@type":"BreadcrumbList","@id":"https:\/\/microcubo.pt\/fr\/mobilier-urbain\/abris\/abris-ads\/#breadcrumb","itemListElement":[{"@type":"ListItem","position":1,"name":"domicile","item":"https:\/\/microcubo.pt\/fr\/"},{"@type":"ListItem","position":2,"name":"Produits","item":"https:\/\/microcubo.pt\/fr\/shop\/"},{"@type":"ListItem","position":3,"name":"Abris ADS"}]},{"@type":"WebSite","@id":"https:\/\/microcubo.pt\/fr\/#website","url":"https:\/\/microcubo.pt\/fr\/","name":"Microcubo","description":"","potentialAction":[{"@type":"SearchAction","target":{"@type":"EntryPoint","urlTemplate":"https:\/\/microcubo.pt\/fr\/?s={search_term_string}"},"query-input":{"@type":"PropertyValueSpecification","valueRequired":true,"valueName":"search_term_string"}}],"inLanguage":"fr-FR"}]}</script>
<!-- / Yoast SEO plugin. -->

Acier (S235JR) Bois Kambala Couleur Forja Y764 Métallisation SA2 1.5 Couvercle en polycarbonate Verre trempé arrière et latéral Vinyle en option (sur demande)
